Last updated on 2022-05-27 15:51:44 CEST.
Flavor | Version | Tinstall | Tcheck | Ttotal | Status | Flags |
---|---|---|---|---|---|---|
r-devel-linux-x86_64-debian-clang | 0.1.1 | 3.63 | 66.57 | 70.20 | OK | |
r-devel-linux-x86_64-debian-gcc | 0.1.1 | 2.98 | 50.27 | 53.25 | OK | |
r-devel-linux-x86_64-fedora-clang | 0.1.1 | 86.27 | NOTE | |||
r-devel-linux-x86_64-fedora-gcc | 0.1.1 | 82.47 | NOTE | |||
r-devel-windows-x86_64 | 0.1.1 | 18.00 | 86.00 | 104.00 | OK | |
r-patched-linux-x86_64 | 0.1.1 | 4.97 | 62.91 | 67.88 | OK | |
r-release-linux-x86_64 | 0.1.1 | 4.54 | 62.21 | 66.75 | OK | |
r-release-macos-arm64 | 0.1.1 | 27.00 | NOTE | |||
r-release-macos-x86_64 | 0.1.1 | 37.00 | NOTE | |||
r-release-windows-x86_64 | 0.1.1 | 23.00 | 88.00 | 111.00 | OK | |
r-oldrel-macos-arm64 | 0.1.1 | 30.00 | NOTE | |||
r-oldrel-macos-x86_64 | 0.1.1 | 50.00 | NOTE | |||
r-oldrel-windows-ix86+x86_64 | 0.1.1 | 12.00 | 83.00 | 95.00 | OK |
Version: 0.1.1
Check: data for non-ASCII characters
Result: NOTE
Note: found 66 marked UTF-8 strings
Flavors: r-devel-linux-x86_64-fedora-clang, r-devel-linux-x86_64-fedora-gcc, r-release-macos-arm64, r-release-macos-x86_64, r-oldrel-macos-arm64, r-oldrel-macos-x86_64