Last updated on 2022-06-27 03:51:16 CEST.
Flavor | Version | Tinstall | Tcheck | Ttotal | Status | Flags |
---|---|---|---|---|---|---|
r-devel-linux-x86_64-debian-clang | 1.2.2 | 4.76 | 33.40 | 38.16 | NOTE | |
r-devel-linux-x86_64-debian-gcc | 1.2.2 | 3.16 | 25.82 | 28.98 | NOTE | |
r-devel-linux-x86_64-fedora-clang | 1.2.2 | 59.27 | NOTE | |||
r-devel-linux-x86_64-fedora-gcc | 1.2.2 | 54.28 | NOTE | |||
r-devel-windows-x86_64 | 1.2.2 | 252.00 | 72.00 | 324.00 | NOTE | |
r-patched-linux-x86_64 | 1.2.2 | 6.04 | 31.50 | 37.54 | OK | |
r-release-linux-x86_64 | 1.2.2 | 3.42 | 31.75 | 35.17 | OK | |
r-release-macos-arm64 | 1.2.2 | 20.00 | OK | |||
r-release-macos-x86_64 | 1.2.2 | 27.00 | OK | |||
r-release-windows-x86_64 | 1.2.2 | 261.00 | 70.00 | 331.00 | OK | |
r-oldrel-macos-arm64 | 1.2.2 | 24.00 | OK | |||
r-oldrel-macos-x86_64 | 1.2.2 | 44.00 | OK | |||
r-oldrel-windows-ix86+x86_64 | 1.2.2 | 9.00 | 55.00 | 64.00 | OK |
Version: 1.2.2
Check: Rd files
Result: NOTE
checkRd: (-1) ACS.Rd:13: Escaped LaTeX specials: \$
checkRd: (-1) EmployedACS.Rd:14: Escaped LaTeX specials: \$
checkRd: (-1) HomesForSale.Rd:11: Escaped LaTeX specials: \$
checkRd: (-1) HomesForSaleCA.Rd:11: Escaped LaTeX specials: \$
checkRd: (-1) HomesForSaleCanton.Rd:9: Escaped LaTeX specials: \$
checkRd: (-1) HomesForSaleNY.Rd:11: Escaped LaTeX specials: \$
checkRd: (-1) MustangPrice.Rd:13: Escaped LaTeX specials: \$
checkRd: (-1) MustangPrice.Rd:24: Escaped LaTeX specials: \$
checkRd: (-1) SalaryGender.Rd:9: Escaped LaTeX specials: \$
checkRd: (-1) SandP500.Rd:6: Escaped LaTeX specials: \&
checkRd: (-1) SandP500.Rd:24: Escaped LaTeX specials: \&
checkRd: (-1) SandP500.Rd:27: Escaped LaTeX specials: \&
checkRd: (-1) SandwichAnts.Rd:32: Escaped LaTeX specials: \&
checkRd: (-1) SandwichAnts2.Rd:32: Escaped LaTeX specials: \&
checkRd: (-1) StockChanges.Rd:11: Escaped LaTeX specials: \&
checkRd: (-1) StockChanges.Rd:15: Escaped LaTeX specials: \&
checkRd: (-1) TrafficFlow.Rd:18: Escaped LaTeX specials: \#
Flavors: r-devel-linux-x86_64-debian-clang, r-devel-linux-x86_64-debian-gcc, r-devel-linux-x86_64-fedora-clang, r-devel-linux-x86_64-fedora-gcc, r-devel-windows-x86_64