CRAN Package Check Results for Package Lmoments

Last updated on 2022-06-28 15:53:20 CEST.

Flavor Version Tinstall Tcheck Ttotal Status Flags
r-devel-linux-x86_64-debian-clang 1.3-1 31.44 30.33 61.77 NOTE
r-devel-linux-x86_64-debian-gcc 1.3-1 28.28 24.09 52.37 NOTE
r-devel-linux-x86_64-fedora-clang 1.3-1 113.42 NOTE
r-devel-linux-x86_64-fedora-gcc 1.3-1 97.86 NOTE
r-devel-windows-x86_64 1.3-1 45.00 75.00 120.00 NOTE
r-patched-linux-x86_64 1.3-1 30.54 29.90 60.44 OK
r-release-linux-x86_64 1.3-1 29.81 30.28 60.09 OK
r-release-macos-arm64 1.3-1 28.00 OK
r-release-macos-x86_64 1.3-1 38.00 OK
r-release-windows-x86_64 1.3-1 42.00 76.00 118.00 OK
r-oldrel-macos-arm64 1.3-1 33.00 OK
r-oldrel-macos-x86_64 1.3-1 51.00 OK
r-oldrel-windows-ix86+x86_64 1.3-1 90.00 78.00 168.00 OK

Check Details

Version: 1.3-1
Check: Rd files
Result: NOTE
    checkRd: (-1) cauchypoly.Rd:39: Escaped LaTeX specials: \_ \_ \_
    checkRd: (-1) cauchypoly.Rd:40: Escaped LaTeX specials: \_
    checkRd: (-1) normpoly.Rd:38: Escaped LaTeX specials: \_ \_ \_
    checkRd: (-1) normpoly.Rd:39: Escaped LaTeX specials: \_
Flavors: r-devel-linux-x86_64-debian-clang, r-devel-linux-x86_64-debian-gcc, r-devel-linux-x86_64-fedora-clang, r-devel-linux-x86_64-fedora-gcc, r-devel-windows-x86_64