Last updated on 2022-05-17 15:53:21 CEST.
Flavor | Version | Tinstall | Tcheck | Ttotal | Status | Flags |
---|---|---|---|---|---|---|
r-devel-linux-x86_64-debian-clang | 1.1.1 | 2.91 | 72.30 | 75.21 | NOTE | |
r-devel-linux-x86_64-debian-gcc | 1.1.1 | 2.24 | 52.52 | 54.76 | NOTE | |
r-devel-linux-x86_64-fedora-clang | 1.1.1 | 88.27 | NOTE | |||
r-devel-linux-x86_64-fedora-gcc | 1.1.1 | 87.42 | NOTE | |||
r-devel-windows-x86_64 | 1.1.1 | 12.00 | 93.00 | 105.00 | NOTE | |
r-patched-linux-x86_64 | 1.1.1 | 2.56 | 69.58 | 72.14 | NOTE | |
r-release-linux-x86_64 | 1.1.1 | 1.99 | 71.46 | 73.45 | NOTE | |
r-release-macos-arm64 | 1.1.1 | 29.00 | NOTE | |||
r-release-macos-x86_64 | 1.1.1 | 38.00 | NOTE | |||
r-release-windows-x86_64 | 1.1.1 | 10.00 | 86.00 | 96.00 | NOTE | |
r-oldrel-macos-arm64 | 1.1.1 | 46.00 | NOTE | |||
r-oldrel-macos-x86_64 | 1.1.1 | 51.00 | NOTE | |||
r-oldrel-windows-ix86+x86_64 | 1.1.1 | 10.00 | 85.00 | 95.00 | NOTE |
Version: 1.1.1
Check: LazyData
Result: NOTE
'LazyData' is specified without a 'data' directory
Flavors: r-devel-linux-x86_64-debian-clang, r-devel-linux-x86_64-debian-gcc, r-devel-linux-x86_64-fedora-clang, r-devel-linux-x86_64-fedora-gcc, r-devel-windows-x86_64, r-patched-linux-x86_64, r-release-linux-x86_64, r-release-macos-arm64, r-release-macos-x86_64, r-release-windows-x86_64, r-oldrel-macos-arm64, r-oldrel-macos-x86_64, r-oldrel-windows-ix86+x86_64
Version: 1.1.1
Check: dependencies in R code
Result: NOTE
Namespaces in Imports field not imported from:
‘Icens’ ‘interval’
All declared Imports should be used.
Flavors: r-devel-linux-x86_64-fedora-clang, r-devel-linux-x86_64-fedora-gcc, r-release-macos-arm64, r-release-macos-x86_64, r-oldrel-macos-arm64, r-oldrel-macos-x86_64