CRAN Package Check Results for Package LSAmitR

Last updated on 2022-05-16 15:53:16 CEST.

Flavor Version Tinstall Tcheck Ttotal Status Flags
r-devel-linux-x86_64-debian-clang 1.0-2 13.33 145.94 159.27 ERROR
r-devel-linux-x86_64-debian-gcc 1.0-2 10.64 105.87 116.51 ERROR
r-devel-linux-x86_64-fedora-clang 1.0-2 185.88 ERROR
r-devel-linux-x86_64-fedora-gcc 1.0-2 187.25 ERROR
r-devel-windows-x86_64 1.0-2 30.00 155.00 185.00 OK
r-patched-linux-x86_64 1.0-2 12.13 135.13 147.26 ERROR
r-release-linux-x86_64 1.0-2 10.35 132.82 143.17 ERROR
r-release-macos-arm64 1.0-2 52.00 NOTE
r-release-macos-x86_64 1.0-2 91.00 NOTE
r-release-windows-x86_64 1.0-2 30.00 154.00 184.00 OK
r-oldrel-macos-arm64 1.0-2 52.00 NOTE
r-oldrel-macos-x86_64 1.0-2 104.00 NOTE
r-oldrel-windows-ix86+x86_64 1.0-2 33.00 156.00 189.00 OK

Additional issues

noSuggests

Check Details

Version: 1.0-2
Check: package dependencies
Result: NOTE
    Packages suggested but not available for checking: 'TAM', 'sirt'
Flavors: r-devel-linux-x86_64-debian-clang, r-patched-linux-x86_64

Version: 1.0-2
Check: Rd cross-references
Result: NOTE
    Unknown package 'TAM' in Rd xrefs
Flavors: r-devel-linux-x86_64-debian-clang, r-patched-linux-x86_64

Version: 1.0-2
Check: examples
Result: ERROR
    Running examples in 'LSAmitR-Ex.R' failed
    The error most likely occurred in:
    
    > base::assign(".ptime", proc.time(), pos = "CheckExEnv")
    > ### Encoding: UTF-8
    >
    > ### Name: Kapitel 1
    > ### Title: Kapitel 1: Testkonstruktion
    > ### Aliases: 'Kapitel 1'
    >
    > ### ** Examples
    >
    > library(TAM)
    Error in library(TAM) : there is no package called 'TAM'
    Execution halted
Flavors: r-devel-linux-x86_64-debian-clang, r-patched-linux-x86_64

Version: 1.0-2
Check: package dependencies
Result: NOTE
    Package suggested but not available for checking: ‘sirt’
Flavors: r-devel-linux-x86_64-debian-gcc, r-devel-linux-x86_64-fedora-clang, r-devel-linux-x86_64-fedora-gcc, r-release-linux-x86_64

Version: 1.0-2
Check: examples
Result: ERROR
    Running examples in ‘LSAmitR-Ex.R’ failed
    The error most likely occurred in:
    
    > base::assign(".ptime", proc.time(), pos = "CheckExEnv")
    > ### Encoding: UTF-8
    >
    > ### Name: Kapitel 4
    > ### Title: Kapitel 4: Differenzielles Itemfunktionieren in Subgruppen
    > ### Aliases: 'Kapitel 4'
    >
    > ### ** Examples
    >
    > library(difR)
    > library(mirt)
    Loading required package: stats4
    Loading required package: lattice
    > library(sirt)
    Error in library(sirt) : there is no package called ‘sirt’
    Execution halted
Flavors: r-devel-linux-x86_64-debian-gcc, r-release-linux-x86_64

Version: 1.0-2
Check: data for non-ASCII characters
Result: NOTE
     Note: found 55 marked UTF-8 strings
Flavors: r-devel-linux-x86_64-fedora-clang, r-devel-linux-x86_64-fedora-gcc, r-release-macos-arm64, r-release-macos-x86_64, r-oldrel-macos-arm64, r-oldrel-macos-x86_64

Version: 1.0-2
Check: examples
Result: ERROR
    Running examples in ‘LSAmitR-Ex.R’ failed
    The error most likely occurred in:
    
    > ### Encoding: UTF-8
    >
    > ### Name: Kapitel 4
    > ### Title: Kapitel 4: Differenzielles Itemfunktionieren in Subgruppen
    > ### Aliases: 'Kapitel 4'
    >
    > ### ** Examples
    >
    > library(difR)
    > library(mirt)
    Loading required package: stats4
    Loading required package: lattice
    > library(sirt)
    Error in library(sirt) : there is no package called ‘sirt’
    Execution halted
Flavors: r-devel-linux-x86_64-fedora-clang, r-devel-linux-x86_64-fedora-gcc