Last updated on 2022-05-27 04:56:41 CEST.
Flavor | Version | Tinstall | Tcheck | Ttotal | Status | Flags |
---|---|---|---|---|---|---|
r-devel-linux-x86_64-debian-clang | 1.3.4 | 17.99 | 54.74 | 72.73 | NOTE | |
r-devel-linux-x86_64-debian-gcc | 1.3.4 | 11.62 | 42.67 | 54.29 | NOTE | |
r-devel-linux-x86_64-fedora-clang | 1.3.4 | 83.58 | NOTE | |||
r-devel-linux-x86_64-fedora-gcc | 1.3.4 | 81.54 | NOTE | |||
r-devel-windows-x86_64 | 1.3.4 | 31.00 | 78.00 | 109.00 | NOTE | |
r-patched-linux-x86_64 | 1.3.4 | 15.66 | 52.71 | 68.37 | OK | |
r-release-linux-x86_64 | 1.3.4 | 13.79 | 52.32 | 66.11 | OK | |
r-release-macos-arm64 | 1.3.4 | 26.00 | OK | |||
r-release-macos-x86_64 | 1.3.4 | 45.00 | OK | |||
r-release-windows-x86_64 | 1.3.4 | 30.00 | 78.00 | 108.00 | OK | |
r-oldrel-macos-arm64 | 1.3.4 | 37.00 | OK | |||
r-oldrel-macos-x86_64 | 1.3.4 | 56.00 | OK | |||
r-oldrel-windows-ix86+x86_64 | 1.3.4 | 30.00 | 79.00 | 109.00 | OK |
Version: 1.3.4
Check: Rd files
Result: NOTE
checkRd: (7) D2Amat.Rd:26: \item in \value must have non-empty label
checkRd: (7) D2Amat.Rd:27: \item in \value must have non-empty label
checkRd: (7) D2Amat.Rd:28: \item in \value must have non-empty label
Flavors: r-devel-linux-x86_64-debian-clang, r-devel-linux-x86_64-debian-gcc, r-devel-linux-x86_64-fedora-clang, r-devel-linux-x86_64-fedora-gcc, r-devel-windows-x86_64
Version: 1.3.4
Check: HTML version of manual
Result: NOTE
Found the following problems:
D2Amat.Rd:74:38: Warning: trimming empty <code>
D2Amat.Rd:78:38: Warning: trimming empty <code>
D2Amat.Rd:82:38: Warning: trimming empty <code>
Flavors: r-devel-linux-x86_64-debian-clang, r-devel-linux-x86_64-debian-gcc