Last updated on 2022-05-21 04:59:12 CEST.
Flavor | Version | Tinstall | Tcheck | Ttotal | Status | Flags |
---|---|---|---|---|---|---|
r-devel-linux-x86_64-debian-clang | 1.0.1 | 43.82 | 122.74 | 166.56 | OK | |
r-devel-linux-x86_64-debian-gcc | 1.0.1 | 32.76 | 89.08 | 121.84 | OK | |
r-devel-linux-x86_64-fedora-clang | 1.0.1 | 203.37 | OK | |||
r-devel-linux-x86_64-fedora-gcc | 1.0.1 | 190.42 | OK | |||
r-devel-windows-x86_64 | 1.0.1 | 43.00 | 149.00 | 192.00 | OK | |
r-patched-linux-x86_64 | 1.0.1 | 36.82 | 114.82 | 151.64 | OK | |
r-release-linux-x86_64 | 1.0.1 | 35.09 | 112.20 | 147.29 | OK | |
r-release-macos-arm64 | 1.0.1 | 47.00 | OK | |||
r-release-macos-x86_64 | 1.0.1 | 67.00 | OK | |||
r-release-windows-x86_64 | 1.0.1 | 42.00 | 150.00 | 192.00 | OK | |
r-oldrel-macos-arm64 | 1.0.1 | 58.00 | NOTE | |||
r-oldrel-macos-x86_64 | 1.0.1 | 64.00 | OK | |||
r-oldrel-windows-ix86+x86_64 | 1.0.1 | 95.00 | 194.00 | 289.00 | OK |
Version: 1.0.1
Check: installed package size
Result: NOTE
installed size is 5.1Mb
sub-directories of 1Mb or more:
libs 5.0Mb
Flavor: r-oldrel-macos-arm64