Last updated on 2022-05-19 15:53:21 CEST.
Flavor | Version | Tinstall | Tcheck | Ttotal | Status | Flags |
---|---|---|---|---|---|---|
r-devel-linux-x86_64-debian-clang | 2.0.3 | 274.37 | 170.76 | 445.13 | OK | |
r-devel-linux-x86_64-debian-gcc | 2.0.3 | 216.05 | 169.06 | 385.11 | OK | |
r-devel-linux-x86_64-fedora-clang | 2.0.3 | 598.98 | NOTE | |||
r-devel-linux-x86_64-fedora-gcc | 2.0.3 | 550.51 | OK | |||
r-devel-windows-x86_64 | 2.0.3 | 183.00 | 224.00 | 407.00 | OK | |
r-patched-linux-x86_64 | 2.0.3 | 225.67 | 207.31 | 432.98 | OK | |
r-release-linux-x86_64 | 2.0.3 | 222.83 | 184.57 | 407.40 | OK | |
r-release-macos-arm64 | 2.0.3 | 141.00 | NOTE | |||
r-release-macos-x86_64 | 2.0.3 | 216.00 | NOTE | |||
r-release-windows-x86_64 | 2.0.3 | 191.00 | 239.00 | 430.00 | OK | |
r-oldrel-macos-arm64 | 2.0.3 | 173.00 | NOTE | |||
r-oldrel-macos-x86_64 | 2.0.3 | 233.00 | NOTE | |||
r-oldrel-windows-ix86+x86_64 | 2.0.3 | 601.00 | 318.00 | 919.00 | NOTE |
Version: 2.0.3
Check: installed package size
Result: NOTE
installed size is 14.1Mb
sub-directories of 1Mb or more:
doc 2.4Mb
libs 11.5Mb
Flavors: r-devel-linux-x86_64-fedora-clang, r-release-macos-arm64, r-release-macos-x86_64, r-oldrel-macos-arm64, r-oldrel-macos-x86_64, r-oldrel-windows-ix86+x86_64