CRAN Package Check Results for Package KoulMde

Last updated on 2022-06-27 03:51:16 CEST.

Flavor Version Tinstall Tcheck Ttotal Status Flags
r-devel-linux-x86_64-debian-clang 3.2.1 50.65 68.83 119.48 NOTE
r-devel-linux-x86_64-debian-gcc 3.2.1 40.06 51.23 91.29 NOTE
r-devel-linux-x86_64-fedora-clang 3.2.1 186.01 NOTE
r-devel-linux-x86_64-fedora-gcc 3.2.1 165.15 NOTE
r-devel-windows-x86_64 3.2.1 49.00 107.00 156.00 NOTE
r-patched-linux-x86_64 3.2.1 45.88 65.33 111.21 NOTE
r-release-linux-x86_64 3.2.1 43.35 65.97 109.32 NOTE
r-release-macos-arm64 3.2.1 43.00 NOTE
r-release-macos-x86_64 3.2.1 57.00 NOTE
r-release-windows-x86_64 3.2.1 46.00 108.00 154.00 NOTE
r-oldrel-macos-arm64 3.2.1 47.00 NOTE
r-oldrel-macos-x86_64 3.2.1 83.00 NOTE
r-oldrel-windows-ix86+x86_64 3.2.1 130.00 124.00 254.00 NOTE

Check Details

Version: 3.2.1
Check: LazyData
Result: NOTE
     'LazyData' is specified without a 'data' directory
Flavors: r-devel-linux-x86_64-debian-clang, r-devel-linux-x86_64-debian-gcc, r-devel-linux-x86_64-fedora-clang, r-devel-linux-x86_64-fedora-gcc, r-devel-windows-x86_64, r-patched-linux-x86_64, r-release-linux-x86_64, r-release-macos-arm64, r-release-macos-x86_64, r-release-windows-x86_64, r-oldrel-macos-arm64, r-oldrel-macos-x86_64, r-oldrel-windows-ix86+x86_64