CRAN Package Check Results for Package KRMM

Last updated on 2022-05-27 15:51:43 CEST.

Flavor Version Tinstall Tcheck Ttotal Status Flags
r-devel-linux-x86_64-debian-clang 1.0 3.74 56.43 60.17 NOTE
r-devel-linux-x86_64-debian-gcc 1.0 3.66 44.00 47.66 NOTE
r-devel-linux-x86_64-fedora-clang 1.0 74.45 NOTE
r-devel-linux-x86_64-fedora-gcc 1.0 73.19 NOTE
r-devel-windows-x86_64 1.0 9.00 69.00 78.00 NOTE
r-patched-linux-x86_64 1.0 5.12 54.62 59.74 NOTE
r-release-linux-x86_64 1.0 4.52 56.28 60.80 NOTE
r-release-macos-arm64 1.0 21.00 NOTE
r-release-macos-x86_64 1.0 30.00 NOTE
r-release-windows-x86_64 1.0 11.00 72.00 83.00 NOTE
r-oldrel-macos-arm64 1.0 27.00 NOTE
r-oldrel-macos-x86_64 1.0 41.00 NOTE
r-oldrel-windows-ix86+x86_64 1.0 12.00 63.00 75.00 NOTE

Check Details

Version: 1.0
Check: LazyData
Result: NOTE
     'LazyData' is specified without a 'data' directory
Flavors: r-devel-linux-x86_64-debian-clang, r-devel-linux-x86_64-debian-gcc, r-devel-linux-x86_64-fedora-clang, r-devel-linux-x86_64-fedora-gcc, r-devel-windows-x86_64, r-patched-linux-x86_64, r-release-linux-x86_64, r-release-macos-arm64, r-release-macos-x86_64, r-release-windows-x86_64, r-oldrel-macos-arm64, r-oldrel-macos-x86_64, r-oldrel-windows-ix86+x86_64