CRAN Package Check Results for Package KODAMA

Last updated on 2022-06-28 15:53:20 CEST.

Flavor Version Tinstall Tcheck Ttotal Status Flags
r-devel-linux-x86_64-debian-clang 1.9 67.04 57.19 124.23 OK
r-devel-linux-x86_64-debian-gcc 1.9 46.86 43.77 90.63 OK
r-devel-linux-x86_64-fedora-clang 1.9 189.89 NOTE
r-devel-linux-x86_64-fedora-gcc 1.9 159.36 OK
r-devel-windows-x86_64 1.9 71.00 108.00 179.00 OK
r-patched-linux-x86_64 1.9 49.62 55.66 105.28 OK
r-release-linux-x86_64 1.9 51.03 55.60 106.63 OK
r-release-macos-arm64 1.9 45.00 NOTE
r-release-macos-x86_64 1.9 60.00 NOTE
r-release-windows-x86_64 1.9 74.00 111.00 185.00 OK
r-oldrel-macos-arm64 1.9 41.00 NOTE
r-oldrel-macos-x86_64 1.9 59.00 NOTE
r-oldrel-windows-ix86+x86_64 1.9 149.00 116.00 265.00 NOTE

Check Details

Version: 1.9
Check: installed package size
Result: NOTE
     installed size is 5.7Mb
     sub-directories of 1Mb or more:
     data 1.6Mb
     libs 2.9Mb
Flavors: r-devel-linux-x86_64-fedora-clang, r-release-macos-arm64, r-release-macos-x86_64, r-oldrel-macos-arm64, r-oldrel-macos-x86_64, r-oldrel-windows-ix86+x86_64