CRAN Package Check Results for Package JRF

Last updated on 2022-05-26 15:53:13 CEST.

Flavor Version Tinstall Tcheck Ttotal Status Flags
r-devel-linux-x86_64-debian-clang 0.1-4 3.54 35.27 38.81 OK
r-devel-linux-x86_64-debian-gcc 0.1-4 3.10 30.12 33.22 OK
r-devel-linux-x86_64-fedora-clang 0.1-4 48.74 NOTE
r-devel-linux-x86_64-fedora-gcc 0.1-4 47.12 NOTE
r-devel-windows-x86_64 0.1-4 14.00 52.00 66.00 OK
r-patched-linux-x86_64 0.1-4 3.63 34.31 37.94 OK
r-release-linux-x86_64 0.1-4 OK
r-release-macos-arm64 0.1-4 19.00 OK
r-release-macos-x86_64 0.1-4 23.00 OK
r-release-windows-x86_64 0.1-4 16.00 52.00 68.00 OK
r-oldrel-macos-arm64 0.1-4 23.00 OK
r-oldrel-macos-x86_64 0.1-4 30.00 OK
r-oldrel-windows-ix86+x86_64 0.1-4 10.00 53.00 63.00 OK

Check Details

Version: 0.1-4
Check: compiled code
Result: NOTE
    File ‘JRF/libs/JRF.so’:
     Found no calls to: ‘R_registerRoutines’, ‘R_useDynamicSymbols’
    
    It is good practice to register native routines and to disable symbol
    search.
    
    See ‘Writing portable packages’ in the ‘Writing R Extensions’ manual.
Flavors: r-devel-linux-x86_64-fedora-clang, r-devel-linux-x86_64-fedora-gcc