Last updated on 2023-12-07 04:01:56 CET.
Flavor | Version | Tinstall | Tcheck | Ttotal | Status | Flags |
---|---|---|---|---|---|---|
r-devel-linux-x86_64-debian-clang | 0.10.0 | 4.32 | 45.41 | 49.73 | OK | |
r-devel-linux-x86_64-debian-gcc | 0.10.0 | 2.91 | 35.59 | 38.50 | OK | |
r-devel-linux-x86_64-fedora-clang | 0.10.0 | 65.36 | NOTE | |||
r-devel-linux-x86_64-fedora-gcc | 0.10.0 | 69.34 | NOTE | |||
r-devel-windows-x86_64 | 0.10.0 | 6.00 | 60.00 | 66.00 | NOTE | |
r-patched-linux-x86_64 | 0.10.0 | 2.64 | 44.41 | 47.05 | OK | |
r-release-linux-x86_64 | 0.10.0 | 2.62 | 43.93 | 46.55 | OK | |
r-release-macos-arm64 | 0.10.0 | 34.00 | NOTE | |||
r-release-macos-x86_64 | 0.10.0 | 50.00 | NOTE | |||
r-release-windows-x86_64 | 0.10.0 | 6.00 | 64.00 | 70.00 | NOTE | |
r-oldrel-macos-arm64 | 0.10.0 | 29.00 | NOTE | |||
r-oldrel-macos-x86_64 | 0.10.0 | 36.00 | NOTE | |||
r-oldrel-windows-x86_64 | 0.10.0 | 6.00 | 66.00 | 72.00 | NOTE |
Version: 0.10.0
Check: installed package size
Result: NOTE
installed size is 5.9Mb
sub-directories of 1Mb or more:
htmlwidgets 5.4Mb
Flavors: r-devel-linux-x86_64-fedora-clang, r-devel-windows-x86_64, r-release-macos-arm64, r-release-macos-x86_64, r-release-windows-x86_64, r-oldrel-macos-arm64, r-oldrel-macos-x86_64, r-oldrel-windows-x86_64
Version: 0.10.0
Check: dependencies in R code
Result: NOTE
Namespace in Imports field not imported from: ‘ids’
All declared Imports should be used.
Flavors: r-devel-linux-x86_64-fedora-clang, r-devel-linux-x86_64-fedora-gcc