Last updated on 2023-09-25 04:00:45 CEST.
Flavor | Version | Tinstall | Tcheck | Ttotal | Status | Flags |
---|---|---|---|---|---|---|
r-devel-linux-x86_64-debian-clang | 0.7.5 | 17.44 | 154.87 | 172.31 | OK | |
r-devel-linux-x86_64-debian-gcc | 0.7.5 | 13.24 | 112.74 | 125.98 | OK | |
r-devel-linux-x86_64-fedora-clang | 0.7.5 | 209.66 | NOTE | |||
r-devel-linux-x86_64-fedora-gcc | 0.7.5 | 221.25 | NOTE | |||
r-devel-windows-x86_64 | 0.7.5 | 15.00 | 129.00 | 144.00 | OK | |
r-patched-linux-x86_64 | 0.7.5 | 11.71 | 145.73 | 157.44 | OK | |
r-release-linux-x86_64 | 0.7.5 | 10.99 | 145.92 | 156.91 | OK | |
r-release-macos-arm64 | 0.7.5 | 76.00 | OK | |||
r-release-macos-x86_64 | 0.7.5 | 123.00 | OK | |||
r-release-windows-x86_64 | 0.7.5 | 19.00 | 157.00 | 176.00 | OK | |
r-oldrel-macos-arm64 | 0.7.5 | 60.00 | NOTE | |||
r-oldrel-macos-x86_64 | 0.7.5 | 117.00 | NOTE | |||
r-oldrel-windows-x86_64 | 0.7.5 | 18.00 | 156.00 | 174.00 | OK |
Version: 0.7.5
Check: dependencies in R code
Result: NOTE
Namespaces in Imports field not imported from:
‘gmodels’ ‘lmtest’ ‘testthat’ ‘tidyverse’ ‘zoo’
All declared Imports should be used.
Flavors: r-devel-linux-x86_64-fedora-clang, r-devel-linux-x86_64-fedora-gcc, r-oldrel-macos-arm64, r-oldrel-macos-x86_64