CRAN Package Check Results for Package IPCWK

Last updated on 2022-05-28 15:51:00 CEST.

Flavor Version Tinstall Tcheck Ttotal Status Flags
r-devel-linux-x86_64-debian-clang 1.0 7.14 77.05 84.19 NOTE
r-devel-linux-x86_64-debian-gcc 1.0 6.71 59.55 66.26 NOTE
r-devel-linux-x86_64-fedora-clang 1.0 103.17 NOTE
r-devel-linux-x86_64-fedora-gcc 1.0 99.95 NOTE
r-devel-windows-x86_64 1.0 12.00 89.00 101.00 NOTE
r-patched-linux-x86_64 1.0 7.58 74.53 82.11 NOTE
r-release-linux-x86_64 1.0 8.06 74.41 82.47 NOTE
r-release-macos-arm64 1.0 32.00 NOTE
r-release-macos-x86_64 1.0 44.00 NOTE
r-release-windows-x86_64 1.0 12.00 92.00 104.00 NOTE
r-oldrel-macos-arm64 1.0 37.00 NOTE
r-oldrel-macos-x86_64 1.0 57.00 NOTE
r-oldrel-windows-ix86+x86_64 1.0 17.00 87.00 104.00 NOTE

Check Details

Version: 1.0
Check: LazyData
Result: NOTE
     'LazyData' is specified without a 'data' directory
Flavors: r-devel-linux-x86_64-debian-clang, r-devel-linux-x86_64-debian-gcc, r-devel-linux-x86_64-fedora-clang, r-devel-linux-x86_64-fedora-gcc, r-devel-windows-x86_64, r-patched-linux-x86_64, r-release-linux-x86_64, r-release-macos-arm64, r-release-macos-x86_64, r-release-windows-x86_64, r-oldrel-macos-arm64, r-oldrel-macos-x86_64, r-oldrel-windows-ix86+x86_64