CRAN Package Check Results for Package IPCAPS

Last updated on 2022-05-19 04:51:06 CEST.

Flavor Version Tinstall Tcheck Ttotal Status Flags
r-devel-linux-x86_64-debian-clang 1.1.8 15.37 201.26 216.63 OK
r-devel-linux-x86_64-debian-gcc 1.1.8 11.47 146.03 157.50 OK
r-devel-linux-x86_64-fedora-clang 1.1.8 251.33 NOTE
r-devel-linux-x86_64-fedora-gcc 1.1.8 253.46 NOTE
r-devel-windows-x86_64 1.1.8 26.00 199.00 225.00 OK
r-patched-linux-x86_64 1.1.8 16.25 190.55 206.80 OK
r-release-linux-x86_64 1.1.8 14.00 192.39 206.39 OK
r-release-macos-arm64 1.1.8 73.00 NOTE
r-release-macos-x86_64 1.1.8 98.00 NOTE
r-release-windows-x86_64 1.1.8 30.00 202.00 232.00 OK
r-oldrel-macos-arm64 1.1.8 79.00 NOTE
r-oldrel-macos-x86_64 1.1.8 108.00 NOTE
r-oldrel-windows-ix86+x86_64 1.1.8 31.00 206.00 237.00 OK

Check Details

Version: 1.1.8
Check: dependencies in R code
Result: NOTE
    Namespaces in Imports field not imported from:
     ‘Matrix’ ‘expm’
     All declared Imports should be used.
Flavors: r-devel-linux-x86_64-fedora-clang, r-devel-linux-x86_64-fedora-gcc, r-release-macos-arm64, r-release-macos-x86_64, r-oldrel-macos-arm64, r-oldrel-macos-x86_64