CRAN Package Check Results for Package IMP

Last updated on 2022-05-24 15:52:49 CEST.

Flavor Version Tinstall Tcheck Ttotal Status Flags
r-devel-linux-x86_64-debian-clang 1.1 8.60 76.37 84.97 NOTE
r-devel-linux-x86_64-debian-gcc 1.1 5.80 55.83 61.63 NOTE
r-devel-linux-x86_64-fedora-clang 1.1 98.76 NOTE
r-devel-linux-x86_64-fedora-gcc 1.1 94.69 NOTE
r-devel-windows-x86_64 1.1 13.00 93.00 106.00 NOTE
r-patched-linux-x86_64 1.1 7.36 70.64 78.00 NOTE
r-release-linux-x86_64 1.1 NOTE
r-release-macos-arm64 1.1 27.00 NOTE
r-release-macos-x86_64 1.1 54.00 NOTE
r-release-windows-x86_64 1.1 15.00 94.00 109.00 NOTE
r-oldrel-macos-arm64 1.1 33.00 NOTE
r-oldrel-macos-x86_64 1.1 55.00 NOTE
r-oldrel-windows-ix86+x86_64 1.1 20.00 87.00 107.00 NOTE

Check Details

Version: 1.1
Check: LazyData
Result: NOTE
     'LazyData' is specified without a 'data' directory
Flavors: r-devel-linux-x86_64-debian-clang, r-devel-linux-x86_64-debian-gcc, r-devel-linux-x86_64-fedora-clang, r-devel-linux-x86_64-fedora-gcc, r-devel-windows-x86_64, r-patched-linux-x86_64, r-release-linux-x86_64, r-release-macos-arm64, r-release-macos-x86_64, r-release-windows-x86_64, r-oldrel-macos-arm64, r-oldrel-macos-x86_64, r-oldrel-windows-ix86+x86_64