Last updated on 2022-05-16 03:53:34 CEST.
Flavor | Version | Tinstall | Tcheck | Ttotal | Status | Flags |
---|---|---|---|---|---|---|
r-devel-linux-x86_64-debian-clang | 1.0.2 | 6.54 | 48.01 | 54.55 | OK | |
r-devel-linux-x86_64-debian-gcc | 1.0.2 | 4.99 | 36.38 | 41.37 | OK | |
r-devel-linux-x86_64-fedora-clang | 1.0.2 | 65.07 | NOTE | |||
r-devel-linux-x86_64-fedora-gcc | 1.0.2 | 62.56 | NOTE | |||
r-devel-windows-x86_64 | 1.0.2 | 28.00 | 67.00 | 95.00 | OK | |
r-patched-linux-x86_64 | 1.0.2 | 5.24 | 45.84 | 51.08 | OK | |
r-release-linux-x86_64 | 1.0.2 | 4.12 | 45.21 | 49.33 | OK | |
r-release-macos-arm64 | 1.0.2 | 24.00 | NOTE | |||
r-release-macos-x86_64 | 1.0.2 | 38.00 | NOTE | |||
r-release-windows-x86_64 | 1.0.2 | 22.00 | 66.00 | 88.00 | OK | |
r-oldrel-macos-arm64 | 1.0.2 | 28.00 | NOTE | |||
r-oldrel-macos-x86_64 | 1.0.2 | 32.00 | NOTE | |||
r-oldrel-windows-ix86+x86_64 | 1.0.2 | 13.00 | 60.00 | 73.00 | OK |
Version: 1.0.2
Check: dependencies in R code
Result: NOTE
Namespaces in Imports field not imported from:
‘Hmisc’ ‘devtools’ ‘httr’ ‘readODS’ ‘readxl’ ‘tidyr’
All declared Imports should be used.
Flavors: r-devel-linux-x86_64-fedora-clang, r-devel-linux-x86_64-fedora-gcc, r-release-macos-arm64, r-release-macos-x86_64, r-oldrel-macos-arm64, r-oldrel-macos-x86_64