CRAN Package Check Results for Package IFP

Last updated on 2022-06-29 15:49:55 CEST.

Flavor Version Tinstall Tcheck Ttotal Status Flags
r-devel-linux-x86_64-debian-clang 0.2.4 34.62 175.67 210.29 OK
r-devel-linux-x86_64-debian-gcc 0.2.4 25.71 127.86 153.57 OK
r-devel-linux-x86_64-fedora-clang 0.2.4 270.39 NOTE
r-devel-linux-x86_64-fedora-gcc 0.2.4 259.85 NOTE
r-devel-windows-x86_64 0.2.4 36.00 199.00 235.00 OK
r-patched-linux-x86_64 0.2.4 22.31 162.97 185.28 OK
r-release-linux-x86_64 0.2.4 22.15 165.86 188.01 OK
r-release-macos-arm64 0.2.4 64.00 OK
r-release-macos-x86_64 0.2.4 111.00 OK
r-release-windows-x86_64 0.2.4 40.00 195.00 235.00 OK
r-oldrel-macos-arm64 0.2.4 75.00 OK
r-oldrel-macos-x86_64 0.2.4 133.00 OK
r-oldrel-windows-ix86+x86_64 0.2.4 66.00 251.00 317.00 OK

Check Details

Version: 0.2.4
Check: compiled code
Result: NOTE
    File ‘IFP/libs/IFP.so’:
     Found no calls to: ‘R_registerRoutines’, ‘R_useDynamicSymbols’
    
    It is good practice to register native routines and to disable symbol
    search.
    
    See ‘Writing portable packages’ in the ‘Writing R Extensions’ manual.
Flavors: r-devel-linux-x86_64-fedora-clang, r-devel-linux-x86_64-fedora-gcc