CRAN Package Check Results for Package IETD

Last updated on 2022-05-20 15:52:09 CEST.

Flavor Version Tinstall Tcheck Ttotal Status Flags
r-devel-linux-x86_64-debian-clang 1.0.0 7.24 82.76 90.00 OK
r-devel-linux-x86_64-debian-gcc 1.0.0 5.84 61.01 66.85 OK
r-devel-linux-x86_64-fedora-clang 1.0.0 108.20 NOTE
r-devel-linux-x86_64-fedora-gcc 1.0.0 104.17 NOTE
r-devel-windows-x86_64 1.0.0 18.00 117.00 135.00 OK
r-patched-linux-x86_64 1.0.0 7.06 77.30 84.36 OK
r-release-linux-x86_64 1.0.0 6.75 76.70 83.45 OK
r-release-macos-arm64 1.0.0 39.00 NOTE
r-release-macos-x86_64 1.0.0 55.00 NOTE
r-release-windows-x86_64 1.0.0 22.00 122.00 144.00 OK
r-oldrel-macos-arm64 1.0.0 34.00 NOTE
r-oldrel-macos-x86_64 1.0.0 48.00 NOTE
r-oldrel-windows-ix86+x86_64 1.0.0 20.00 123.00 143.00 OK

Check Details

Version: 1.0.0
Check: dependencies in R code
Result: NOTE
    Namespace in Imports field not imported from: ‘Rdpack’
     All declared Imports should be used.
Flavors: r-devel-linux-x86_64-fedora-clang, r-devel-linux-x86_64-fedora-gcc, r-release-macos-arm64, r-release-macos-x86_64, r-oldrel-macos-arm64, r-oldrel-macos-x86_64