CRAN Package Check Results for Package HypergeoMat

Last updated on 2022-06-25 15:51:23 CEST.

Flavor Version Tinstall Tcheck Ttotal Status Flags
r-devel-linux-x86_64-debian-clang 4.0.1 26.24 47.72 73.96 OK
r-devel-linux-x86_64-debian-gcc 4.0.1 23.59 37.00 60.59 OK
r-devel-linux-x86_64-fedora-clang 4.0.1 118.09 OK
r-devel-linux-x86_64-fedora-gcc 4.0.1 104.14 OK
r-devel-windows-x86_64 4.0.1 47.00 107.00 154.00 OK
r-patched-linux-x86_64 4.0.1 27.20 44.94 72.14 OK
r-release-linux-x86_64 4.0.1 26.88 46.27 73.15 OK
r-release-macos-arm64 4.0.1 38.00 NOTE
r-release-macos-x86_64 4.0.1 50.00 NOTE
r-release-windows-x86_64 4.0.1 46.00 105.00 151.00 OK
r-oldrel-macos-arm64 4.0.1 31.00 NOTE
r-oldrel-macos-x86_64 4.0.1 50.00 NOTE
r-oldrel-windows-ix86+x86_64 4.0.1 73.00 122.00 195.00 OK

Check Details

Version: 4.0.1
Check: installed package size
Result: NOTE
     installed size is 5.2Mb
     sub-directories of 1Mb or more:
     libs 5.1Mb
Flavors: r-release-macos-arm64, r-release-macos-x86_64, r-oldrel-macos-arm64, r-oldrel-macos-x86_64