CRAN Package Check Results for Package HospitalNetwork

Last updated on 2024-07-24 03:49:18 CEST.

Flavor Version Tinstall Tcheck Ttotal Status Flags
r-devel-linux-x86_64-debian-clang 0.9.3 9.33 228.44 237.77 OK
r-devel-linux-x86_64-debian-gcc 0.9.3 9.02 170.67 179.69 NOTE
r-devel-linux-x86_64-fedora-clang 0.9.3 317.44 OK
r-devel-linux-x86_64-fedora-gcc 0.9.3 294.91 OK
r-devel-windows-x86_64 0.9.3 10.00 212.00 222.00 NOTE
r-patched-linux-x86_64 0.9.3 16.56 221.42 237.98 OK
r-release-linux-x86_64 0.9.3 6.93 223.66 230.59 OK
r-release-macos-arm64 0.9.3 80.00 OK
r-release-macos-x86_64 0.9.3 131.00 OK
r-release-windows-x86_64 0.9.3 10.00 212.00 222.00 OK
r-oldrel-macos-arm64 0.9.3 91.00 OK
r-oldrel-macos-x86_64 0.9.3 145.00 OK
r-oldrel-windows-x86_64 0.9.3 13.00 272.00 285.00 OK

Check Details

Version: 0.9.3
Check: Rd cross-references
Result: NOTE Found the following Rd file(s) with Rd \link{} targets missing package anchors: HospiNet.Rd: R6Class Please provide package anchors for all Rd \link{} targets not in the package itself and the base packages. Flavors: r-devel-linux-x86_64-debian-gcc, r-devel-windows-x86_64