CRAN Package Check Results for Package HistDAWass

Last updated on 2022-06-27 15:53:45 CEST.

Flavor Version Tinstall Tcheck Ttotal Status Flags
r-devel-linux-x86_64-debian-clang 1.0.6 73.07 124.47 197.54 OK
r-devel-linux-x86_64-debian-gcc 1.0.6 58.46 90.25 148.71 OK
r-devel-linux-x86_64-fedora-clang 1.0.6 275.29 NOTE
r-devel-linux-x86_64-fedora-gcc 1.0.6 244.84 OK
r-devel-windows-x86_64 1.0.6 187.00 172.00 359.00 OK
r-patched-linux-x86_64 1.0.6 63.29 117.32 180.61 OK
r-release-linux-x86_64 1.0.6 58.04 115.12 173.16 OK
r-release-macos-arm64 1.0.6 61.00 NOTE
r-release-macos-x86_64 1.0.6 108.00 NOTE
r-release-windows-x86_64 1.0.6 197.00 175.00 372.00 OK
r-oldrel-macos-arm64 1.0.6 71.00 NOTE
r-oldrel-macos-x86_64 1.0.6 79.00 NOTE
r-oldrel-windows-ix86+x86_64 1.0.6 148.00 207.00 355.00 OK

Check Details

Version: 1.0.6
Check: installed package size
Result: NOTE
     installed size is 5.9Mb
     sub-directories of 1Mb or more:
     data 1.1Mb
     libs 4.0Mb
Flavors: r-devel-linux-x86_64-fedora-clang, r-release-macos-arm64, r-release-macos-x86_64, r-oldrel-macos-arm64, r-oldrel-macos-x86_64