Last updated on 2022-05-26 15:53:12 CEST.
Flavor | Version | Tinstall | Tcheck | Ttotal | Status | Flags |
---|---|---|---|---|---|---|
r-devel-linux-x86_64-debian-clang | 0.2-4 | 13.15 | 63.48 | 76.63 | OK | |
r-devel-linux-x86_64-debian-gcc | 0.2-4 | 9.50 | 51.77 | 61.27 | OK | |
r-devel-linux-x86_64-fedora-clang | 0.2-4 | 90.35 | NOTE | |||
r-devel-linux-x86_64-fedora-gcc | 0.2-4 | 86.27 | NOTE | |||
r-devel-windows-x86_64 | 0.2-4 | 37.00 | 76.00 | 113.00 | OK | |
r-patched-linux-x86_64 | 0.2-4 | 13.67 | 58.65 | 72.32 | OK | |
r-release-linux-x86_64 | 0.2-4 | OK | ||||
r-release-macos-arm64 | 0.2-4 | 27.00 | OK | |||
r-release-macos-x86_64 | 0.2-4 | 35.00 | OK | |||
r-release-windows-x86_64 | 0.2-4 | 42.00 | 78.00 | 120.00 | OK | |
r-oldrel-macos-arm64 | 0.2-4 | 31.00 | OK | |||
r-oldrel-macos-x86_64 | 0.2-4 | 65.00 | OK | |||
r-oldrel-windows-ix86+x86_64 | 0.2-4 | 22.00 | 85.00 | 107.00 | OK |
Version: 0.2-4
Check: compiled code
Result: NOTE
File ‘HiDimDA/libs/HiDimDA.so’:
Found no calls to: ‘R_registerRoutines’, ‘R_useDynamicSymbols’
It is good practice to register native routines and to disable symbol
search.
See ‘Writing portable packages’ in the ‘Writing R Extensions’ manual.
Flavors: r-devel-linux-x86_64-fedora-clang, r-devel-linux-x86_64-fedora-gcc