Last updated on 2023-12-10 03:59:57 CET.
Flavor | Version | Tinstall | Tcheck | Ttotal | Status | Flags |
---|---|---|---|---|---|---|
r-devel-linux-x86_64-debian-clang | 6.0.3 | 24.70 | 158.76 | 183.46 | NOTE | |
r-devel-linux-x86_64-debian-gcc | 6.0.3 | 19.07 | 116.20 | 135.27 | NOTE | |
r-devel-linux-x86_64-fedora-clang | 6.0.3 | 240.85 | OK | |||
r-devel-linux-x86_64-fedora-gcc | 6.0.3 | 229.18 | OK | |||
r-devel-windows-x86_64 | 6.0.3 | 23.00 | 150.00 | 173.00 | OK | |
r-patched-linux-x86_64 | 6.0.3 | 30.31 | 153.27 | 183.58 | OK | |
r-release-linux-x86_64 | 6.0.3 | 27.02 | 149.97 | 176.99 | OK | |
r-release-macos-arm64 | 6.0.3 | 77.00 | OK | |||
r-release-macos-x86_64 | 6.0.3 | 155.00 | OK | |||
r-release-windows-x86_64 | 6.0.3 | 27.00 | 207.00 | 234.00 | OK | |
r-oldrel-macos-arm64 | 6.0.3 | 85.00 | OK | |||
r-oldrel-macos-x86_64 | 6.0.3 | 117.00 | OK | |||
r-oldrel-windows-x86_64 | 6.0.3 | 29.00 | 160.00 | 189.00 | OK |
Version: 6.0.3
Check: Rd files
Result: NOTE
checkRd: (-1) duplicated_packages.Rd:19-22: Lost braces
19 | if (nrow(li) != 0) {\cr
| ^
checkRd: (-1) newcompassRose.Rd:54: Lost braces; missing escapes or markup?
54 | modified from Jim Lemon; See compassRose {sp}
| ^
checkRd: (-1) newmap.scale.Rd:51: Lost braces; missing escapes or markup?
51 | See map.scale {maps}
| ^
checkRd: (-1) symmetricize.Rd:18: Lost braces in \itemize; meant \describe ?
checkRd: (-1) symmetricize.Rd:19: Lost braces in \itemize; meant \describe ?
checkRd: (-1) symmetricize.Rd:20: Lost braces in \itemize; meant \describe ?
checkRd: (-1) symmetricize.Rd:21: Lost braces in \itemize; meant \describe ?
checkRd: (-1) symmetricize.Rd:22: Lost braces in \itemize; meant \describe ?
Flavors: r-devel-linux-x86_64-debian-clang, r-devel-linux-x86_64-debian-gcc