Last updated on 2022-06-25 03:51:00 CEST.
Flavor | Version | Tinstall | Tcheck | Ttotal | Status | Flags |
---|---|---|---|---|---|---|
r-devel-linux-x86_64-debian-clang | 2.0.8 | 7.29 | 58.63 | 65.92 | OK | |
r-devel-linux-x86_64-debian-gcc | 2.0.8 | 5.13 | 45.09 | 50.22 | OK | |
r-devel-linux-x86_64-fedora-clang | 2.0.8 | 88.89 | OK | |||
r-devel-linux-x86_64-fedora-gcc | 2.0.8 | 89.01 | OK | |||
r-devel-windows-x86_64 | 2.0.8 | 26.00 | 86.00 | 112.00 | OK | |
r-patched-linux-x86_64 | 2.0.8 | 8.21 | 56.36 | 64.57 | OK | |
r-release-linux-x86_64 | 2.0.8 | 6.81 | 56.60 | 63.41 | OK | |
r-release-macos-arm64 | 2.0.8 | 27.00 | OK | |||
r-release-macos-x86_64 | 2.0.8 | 37.00 | NOTE | |||
r-release-windows-x86_64 | 2.0.8 | 35.00 | 89.00 | 124.00 | OK | |
r-oldrel-macos-arm64 | 2.0.8 | 43.00 | NOTE | |||
r-oldrel-macos-x86_64 | 2.0.8 | 70.00 | NOTE | |||
r-oldrel-windows-ix86+x86_64 | 2.0.8 | 16.00 | 78.00 | 94.00 | OK |
Version: 2.0.8
Check: package dependencies
Result: NOTE
Package suggested but not available for checking: ‘HTSFilter’
Flavors: r-release-macos-x86_64, r-oldrel-macos-arm64, r-oldrel-macos-x86_64