Last updated on 2022-05-16 03:53:33 CEST.
Flavor | Version | Tinstall | Tcheck | Ttotal | Status | Flags |
---|---|---|---|---|---|---|
r-devel-linux-x86_64-debian-clang | 0.4-3 | 90.67 | 584.47 | 675.14 | WARN | |
r-devel-linux-x86_64-debian-gcc | 0.4-3 | 79.61 | 957.00 | 1036.61 | OK | |
r-devel-linux-x86_64-fedora-clang | 0.4-3 | 665.78 | WARN | |||
r-devel-linux-x86_64-fedora-gcc | 0.4-3 | 876.04 | OK | |||
r-devel-windows-x86_64 | 0.4-3 | 82.00 | 301.00 | 383.00 | OK | |
r-patched-linux-x86_64 | 0.4-3 | 82.33 | 786.70 | 869.03 | OK | |
r-release-linux-x86_64 | 0.4-3 | 76.29 | 682.73 | 759.02 | OK | |
r-release-macos-arm64 | 0.4-3 | 128.00 | NOTE | |||
r-release-macos-x86_64 | 0.4-3 | 153.00 | NOTE | |||
r-release-windows-x86_64 | 0.4-3 | 81.00 | 284.00 | 365.00 | OK | |
r-oldrel-macos-arm64 | 0.4-3 | 148.00 | NOTE | |||
r-oldrel-macos-x86_64 | 0.4-3 | 163.00 | NOTE | |||
r-oldrel-windows-ix86+x86_64 | 0.4-3 | 235.00 | 382.00 | 617.00 | OK |
Version: 0.4-3
Check: whether package can be installed
Result: WARN
Found the following significant warnings:
ars_demo.cpp:39:7: warning: use of bitwise '&' with boolean operands [-Wbitwise-instead-of-logical]
Flavors: r-devel-linux-x86_64-debian-clang, r-devel-linux-x86_64-fedora-clang
Version: 0.4-3
Check: installed package size
Result: NOTE
installed size is 5.8Mb
sub-directories of 1Mb or more:
doc 1.1Mb
libs 3.6Mb
Flavors: r-release-macos-arm64, r-release-macos-x86_64, r-oldrel-macos-arm64, r-oldrel-macos-x86_64