CRAN Package Check Results for Package HTLR

Last updated on 2023-06-10 03:56:24 CEST.

Flavor Version Tinstall Tcheck Ttotal Status Flags
r-devel-linux-x86_64-debian-clang 0.4-4 102.02 586.94 688.96 NOTE
r-devel-linux-x86_64-debian-gcc 0.4-4 81.60 1090.34 1171.94 NOTE
r-devel-linux-x86_64-fedora-clang 0.4-4 631.60 NOTE
r-devel-linux-x86_64-fedora-gcc 0.4-4 850.84 NOTE
r-devel-windows-x86_64 0.4-4 78.00 251.00 329.00 NOTE
r-patched-linux-x86_64 0.4-4 82.84 890.96 973.80 NOTE
r-release-linux-x86_64 0.4-4 87.07 852.28 939.35 NOTE
r-release-macos-arm64 0.4-4 141.00 NOTE
r-release-macos-x86_64 0.4-4 223.00 NOTE
r-release-windows-x86_64 0.4-4 97.00 276.00 373.00 NOTE
r-oldrel-macos-arm64 0.4-4 121.00 NOTE
r-oldrel-macos-x86_64 0.4-4 157.00 NOTE
r-oldrel-windows-x86_64 0.4-4 97.00 260.00 357.00 OK

Check Details

Version: 0.4-4
Check: C++ specification
Result: NOTE
     Specified C++11: please drop specification unless essential
Flavors: r-devel-linux-x86_64-debian-clang, r-devel-linux-x86_64-debian-gcc, r-devel-linux-x86_64-fedora-clang, r-devel-linux-x86_64-fedora-gcc, r-devel-windows-x86_64, r-patched-linux-x86_64, r-release-linux-x86_64, r-release-macos-arm64, r-release-macos-x86_64, r-release-windows-x86_64

Version: 0.4-4
Check: installed package size
Result: NOTE
     installed size is 6.0Mb
     sub-directories of 1Mb or more:
     doc 1.1Mb
     libs 3.7Mb
Flavors: r-release-macos-arm64, r-release-macos-x86_64, r-oldrel-macos-arm64, r-oldrel-macos-x86_64