Last updated on 2022-06-27 03:51:15 CEST.
Flavor | Version | Tinstall | Tcheck | Ttotal | Status | Flags |
---|---|---|---|---|---|---|
r-devel-linux-x86_64-debian-clang | 1.1 | 123.67 | 34.72 | 158.39 | OK | |
r-devel-linux-x86_64-debian-gcc | 1.1 | 107.72 | 27.27 | 134.99 | OK | |
r-devel-linux-x86_64-fedora-clang | 1.1 | 265.22 | NOTE | |||
r-devel-linux-x86_64-fedora-gcc | 1.1 | 227.83 | OK | |||
r-devel-windows-x86_64 | 1.1 | 111.00 | 78.00 | 189.00 | OK | |
r-patched-linux-x86_64 | 1.1 | 117.96 | 33.63 | 151.59 | OK | |
r-release-linux-x86_64 | 1.1 | 112.96 | 33.93 | 146.89 | OK | |
r-release-macos-arm64 | 1.1 | 52.00 | NOTE | |||
r-release-macos-x86_64 | 1.1 | 71.00 | NOTE | |||
r-release-windows-x86_64 | 1.1 | 114.00 | 81.00 | 195.00 | OK | |
r-oldrel-macos-arm64 | 1.1 | 63.00 | NOTE | |||
r-oldrel-macos-x86_64 | 1.1 | 150.00 | NOTE | |||
r-oldrel-windows-ix86+x86_64 | 1.1 | 327.00 | 78.00 | 405.00 | NOTE |
Version: 1.1
Check: installed package size
Result: NOTE
installed size is 6.9Mb
sub-directories of 1Mb or more:
data 3.5Mb
libs 3.1Mb
Flavors: r-devel-linux-x86_64-fedora-clang, r-release-macos-arm64, r-release-macos-x86_64, r-oldrel-macos-arm64, r-oldrel-macos-x86_64, r-oldrel-windows-ix86+x86_64