Last updated on 2022-05-26 03:53:11 CEST.
Flavor | Version | Tinstall | Tcheck | Ttotal | Status | Flags |
---|---|---|---|---|---|---|
r-devel-linux-x86_64-debian-clang | 2.3.4 | 36.86 | 62.88 | 99.74 | OK | |
r-devel-linux-x86_64-debian-gcc | 2.3.4 | 27.74 | 49.43 | 77.17 | OK | |
r-devel-linux-x86_64-fedora-clang | 2.3.4 | 132.03 | NOTE | |||
r-devel-linux-x86_64-fedora-gcc | 2.3.4 | 119.92 | NOTE | |||
r-devel-windows-x86_64 | 2.3.4 | 52.00 | 101.00 | 153.00 | OK | |
r-patched-linux-x86_64 | 2.3.4 | 31.62 | 59.63 | 91.25 | OK | |
r-release-linux-x86_64 | 2.3.4 | OK | ||||
r-release-macos-arm64 | 2.3.4 | 40.00 | NOTE | |||
r-release-macos-x86_64 | 2.3.4 | 49.00 | NOTE | |||
r-release-windows-x86_64 | 2.3.4 | 49.00 | 108.00 | 157.00 | OK | |
r-oldrel-macos-arm64 | 2.3.4 | 46.00 | NOTE | |||
r-oldrel-macos-x86_64 | 2.3.4 | 67.00 | NOTE | |||
r-oldrel-windows-ix86+x86_64 | 2.3.4 | 90.00 | 105.00 | 195.00 | OK |
Version: 2.3.4
Check: dependencies in R code
Result: NOTE
Namespace in Imports field not imported from: ‘rmarkdown’
All declared Imports should be used.
Flavors: r-devel-linux-x86_64-fedora-clang, r-devel-linux-x86_64-fedora-gcc, r-release-macos-arm64, r-release-macos-x86_64, r-oldrel-macos-arm64, r-oldrel-macos-x86_64