Last updated on 2025-01-25 15:49:12 CET.
Flavor | Version | Tinstall | Tcheck | Ttotal | Status | Flags |
---|---|---|---|---|---|---|
r-devel-linux-x86_64-debian-clang | 2.7.4 | 10.69 | 112.48 | 123.17 | NOTE | |
r-devel-linux-x86_64-debian-gcc | 2.7.4 | 7.37 | 78.22 | 85.59 | NOTE | |
r-devel-linux-x86_64-fedora-clang | 2.7.4 | 201.27 | NOTE | |||
r-devel-linux-x86_64-fedora-gcc | 2.7.4 | 185.76 | NOTE | |||
r-devel-windows-x86_64 | 2.7.4 | 17.00 | 143.00 | 160.00 | NOTE | |
r-patched-linux-x86_64 | 2.7.4 | 11.58 | 103.39 | 114.97 | NOTE | |
r-release-linux-x86_64 | 2.7.4 | 9.87 | 102.75 | 112.62 | NOTE | |
r-release-macos-arm64 | 2.7.4 | 54.00 | NOTE | |||
r-release-macos-x86_64 | 2.7.4 | 148.00 | NOTE | |||
r-release-windows-x86_64 | 2.7.4 | 16.00 | 137.00 | 153.00 | NOTE | |
r-oldrel-macos-arm64 | 2.7.4 | 58.00 | NOTE | |||
r-oldrel-macos-x86_64 | 2.7.4 | 96.00 | NOTE | |||
r-oldrel-windows-x86_64 | 2.7.4 | 19.00 | 196.00 | 215.00 | NOTE |
Version: 2.7.4
Check: C++ specification
Result: NOTE
Specified C++11: please drop specification unless essential
Flavors: r-devel-linux-x86_64-debian-clang, r-devel-linux-x86_64-debian-gcc, r-devel-linux-x86_64-fedora-clang, r-devel-linux-x86_64-fedora-gcc, r-devel-windows-x86_64, r-patched-linux-x86_64, r-release-linux-x86_64, r-release-macos-arm64, r-release-macos-x86_64, r-release-windows-x86_64, r-oldrel-macos-arm64, r-oldrel-macos-x86_64, r-oldrel-windows-x86_64