Last updated on 2023-10-04 14:03:49 CEST.
Flavor | Version | Tinstall | Tcheck | Ttotal | Status | Flags |
---|---|---|---|---|---|---|
r-devel-linux-x86_64-debian-clang | 0.3.0 | 92.91 | 621.51 | 714.42 | OK | |
r-devel-linux-x86_64-debian-gcc | 0.3.0 | 60.82 | 386.69 | 447.51 | OK | |
r-devel-linux-x86_64-fedora-clang | 0.3.0 | 944.89 | OK | |||
r-devel-linux-x86_64-fedora-gcc | 0.3.0 | 932.83 | OK | |||
r-devel-windows-x86_64 | 0.3.0 | 72.00 | 538.00 | 610.00 | OK | |
r-patched-linux-x86_64 | 0.3.0 | 62.62 | 589.50 | 652.12 | OK | |
r-release-linux-x86_64 | 0.3.0 | 87.50 | 592.06 | 679.56 | OK | |
r-release-macos-arm64 | 0.3.0 | 241.00 | NOTE | |||
r-release-macos-x86_64 | 0.3.0 | 422.00 | NOTE | |||
r-release-windows-x86_64 | 0.3.0 | 89.00 | 647.00 | 736.00 | OK | |
r-oldrel-macos-arm64 | 0.3.0 | 204.00 | NOTE | |||
r-oldrel-macos-x86_64 | 0.3.0 | 280.00 | NOTE | |||
r-oldrel-windows-x86_64 | 0.3.0 | 84.00 | 598.00 | 682.00 | OK |
Version: 0.3.0
Check: installed package size
Result: NOTE
installed size is 5.9Mb
sub-directories of 1Mb or more:
doc 1.7Mb
libs 3.7Mb
Flavors: r-release-macos-arm64, r-release-macos-x86_64, r-oldrel-macos-arm64, r-oldrel-macos-x86_64