CRAN Package Check Results for Package GetBCBData

Last updated on 2022-05-23 03:56:57 CEST.

Flavor Version Tinstall Tcheck Ttotal Status Flags
r-devel-linux-x86_64-debian-clang 0.6 2.32 37.12 39.44 NOTE
r-devel-linux-x86_64-debian-gcc 0.6 1.45 28.61 30.06 NOTE
r-devel-linux-x86_64-fedora-clang 0.6 47.31 NOTE
r-devel-linux-x86_64-fedora-gcc 0.6 46.26 NOTE
r-devel-windows-x86_64 0.6 12.00 67.00 79.00 NOTE
r-patched-linux-x86_64 0.6 1.72 36.72 38.44 NOTE
r-release-linux-x86_64 0.6 1.77 35.44 37.21 NOTE
r-release-macos-arm64 0.6 27.00 NOTE
r-release-macos-x86_64 0.6 48.00 NOTE
r-release-windows-x86_64 0.6 13.00 66.00 79.00 NOTE
r-oldrel-macos-arm64 0.6 26.00 NOTE
r-oldrel-macos-x86_64 0.6 34.00 NOTE
r-oldrel-windows-ix86+x86_64 0.6 6.00 57.00 63.00 NOTE

Check Details

Version: 0.6
Check: LazyData
Result: NOTE
     'LazyData' is specified without a 'data' directory
Flavors: r-devel-linux-x86_64-debian-clang, r-devel-linux-x86_64-debian-gcc, r-devel-linux-x86_64-fedora-clang, r-devel-linux-x86_64-fedora-gcc, r-devel-windows-x86_64, r-patched-linux-x86_64, r-release-linux-x86_64, r-release-macos-arm64, r-release-macos-x86_64, r-release-windows-x86_64, r-oldrel-macos-arm64, r-oldrel-macos-x86_64, r-oldrel-windows-ix86+x86_64

Version: 0.6
Check: dependencies in R code
Result: NOTE
    Namespaces in Imports field not imported from:
     ‘RCurl’ ‘lubridate’ ‘readr’ ‘stats’
     All declared Imports should be used.
Flavors: r-devel-linux-x86_64-fedora-clang, r-devel-linux-x86_64-fedora-gcc, r-release-macos-arm64, r-release-macos-x86_64, r-oldrel-macos-arm64, r-oldrel-macos-x86_64