Last updated on 2022-05-24 15:52:48 CEST.
Flavor | Version | Tinstall | Tcheck | Ttotal | Status | Flags |
---|---|---|---|---|---|---|
r-devel-linux-x86_64-debian-clang | 2.0.1 | 5.03 | 66.79 | 71.82 | NOTE | |
r-devel-linux-x86_64-debian-gcc | 2.0.1 | 3.59 | 51.72 | 55.31 | NOTE | |
r-devel-linux-x86_64-fedora-clang | 2.0.1 | 92.15 | NOTE | |||
r-devel-linux-x86_64-fedora-gcc | 2.0.1 | 88.09 | NOTE | |||
r-devel-windows-x86_64 | 2.0.1 | 23.00 | 83.00 | 106.00 | OK | |
r-patched-linux-x86_64 | 2.0.1 | 5.32 | 65.03 | 70.35 | NOTE | |
r-release-linux-x86_64 | 2.0.1 | NOTE | ||||
r-release-macos-arm64 | 2.0.1 | 33.00 | OK | |||
r-release-macos-x86_64 | 2.0.1 | 51.00 | OK | |||
r-release-windows-x86_64 | 2.0.1 | 17.00 | 84.00 | 101.00 | OK | |
r-oldrel-macos-arm64 | 2.0.1 | 41.00 | OK | |||
r-oldrel-macos-x86_64 | 2.0.1 | 74.00 | OK | |||
r-oldrel-windows-ix86+x86_64 | 2.0.1 | 12.00 | 78.00 | 90.00 | OK |
Version: 2.0.1
Check: for non-standard things in the check directory
Result: NOTE
Found the following files/directories:
'RRprof.out'
Flavors: r-devel-linux-x86_64-debian-clang, r-devel-linux-x86_64-debian-gcc, r-devel-linux-x86_64-fedora-clang, r-devel-linux-x86_64-fedora-gcc, r-patched-linux-x86_64, r-release-linux-x86_64