Last updated on 2023-06-10 03:56:24 CEST.
Flavor | Version | Tinstall | Tcheck | Ttotal | Status | Flags |
---|---|---|---|---|---|---|
r-devel-linux-x86_64-debian-clang | 2.0.1 | 5.22 | 54.70 | 59.92 | NOTE | |
r-devel-linux-x86_64-debian-gcc | 2.0.1 | 3.62 | 43.65 | 47.27 | NOTE | |
r-devel-linux-x86_64-fedora-clang | 2.0.1 | 74.98 | NOTE | |||
r-devel-linux-x86_64-fedora-gcc | 2.0.1 | 71.27 | NOTE | |||
r-devel-windows-x86_64 | 2.0.1 | 6.00 | 62.00 | 68.00 | OK | |
r-patched-linux-x86_64 | 2.0.1 | 4.85 | 54.76 | 59.61 | NOTE | |
r-release-linux-x86_64 | 2.0.1 | 4.83 | 53.27 | 58.10 | NOTE | |
r-release-macos-arm64 | 2.0.1 | 31.00 | OK | |||
r-release-macos-x86_64 | 2.0.1 | 44.00 | OK | |||
r-release-windows-x86_64 | 2.0.1 | 5.00 | 68.00 | 73.00 | OK | |
r-oldrel-macos-arm64 | 2.0.1 | 35.00 | OK | |||
r-oldrel-macos-x86_64 | 2.0.1 | 51.00 | OK | |||
r-oldrel-windows-x86_64 | 2.0.1 | 8.00 | 76.00 | 84.00 | OK |
Version: 2.0.1
Check: for non-standard things in the check directory
Result: NOTE
Found the following files/directories:
‘RRprof.out’
Flavors: r-devel-linux-x86_64-debian-clang, r-devel-linux-x86_64-debian-gcc, r-devel-linux-x86_64-fedora-clang, r-devel-linux-x86_64-fedora-gcc, r-patched-linux-x86_64, r-release-linux-x86_64