CRAN Package Check Results for Package GSE

Last updated on 2022-01-16 15:48:29 CET.

Flavor Version Tinstall Tcheck Ttotal Status Flags
r-devel-linux-x86_64-debian-clang 4.2 90.50 83.65 174.15 OK
r-devel-linux-x86_64-debian-gcc 4.2 73.35 72.19 145.54 OK
r-devel-linux-x86_64-fedora-clang 4.2 245.62 NOTE
r-devel-linux-x86_64-fedora-gcc 4.2 216.63 OK
r-devel-windows-x86_64-new-UL 4.2 104.00 134.00 238.00 OK
r-devel-windows-x86_64-new-TK 4.2 OK
r-patched-linux-x86_64 4.2 79.49 78.85 158.34 OK
r-release-linux-x86_64 4.2 OK
r-release-macos-arm64 4.2 NOTE
r-release-macos-x86_64 4.2 OK
r-release-windows-ix86+x86_64 4.2 217.00 144.00 361.00 OK
r-oldrel-macos-x86_64 4.2 OK
r-oldrel-windows-ix86+x86_64 4.2 216.00 149.00 365.00 OK

Check Details

Version: 4.2
Check: installed package size
Result: NOTE
     installed size is 5.3Mb
     sub-directories of 1Mb or more:
     libs 4.8Mb
Flavors: r-devel-linux-x86_64-fedora-clang, r-release-macos-arm64