Last updated on 2022-06-27 15:53:44 CEST.
Flavor | Version | Tinstall | Tcheck | Ttotal | Status | Flags |
---|---|---|---|---|---|---|
r-devel-linux-x86_64-debian-clang | 2.6.20 | 12.40 | 97.34 | 109.74 | OK | |
r-devel-linux-x86_64-debian-gcc | 2.6.20 | 8.82 | 71.94 | 80.76 | OK | |
r-devel-linux-x86_64-fedora-clang | 2.6.20 | 137.71 | OK | |||
r-devel-linux-x86_64-fedora-gcc | 2.6.20 | 135.59 | OK | |||
r-devel-windows-x86_64 | 2.6.20 | 82.00 | 118.00 | 200.00 | OK | |
r-patched-linux-x86_64 | 2.6.20 | 17.97 | 228.12 | 246.09 | OK | |
r-release-linux-x86_64 | 2.6.20 | 11.45 | 222.12 | 233.57 | OK | |
r-release-macos-arm64 | 2.6.20 | 139.00 | OK | |||
r-release-macos-x86_64 | 2.6.20 | 227.00 | OK | |||
r-release-windows-x86_64 | 2.6.20 | 29.00 | 231.00 | 260.00 | OK | |
r-oldrel-macos-arm64 | 2.6.20 | 165.00 | NOTE | |||
r-oldrel-macos-x86_64 | 2.6.20 | 208.00 | OK | |||
r-oldrel-windows-ix86+x86_64 | 2.6.20 | 27.00 | 208.00 | 235.00 | OK |
Version: 2.6.20
Check: package dependencies
Result: NOTE
Package suggested but not available for checking: ‘hexSticker’
Flavor: r-oldrel-macos-arm64