Last updated on 2023-11-28 15:49:37 CET.
Flavor | Version | Tinstall | Tcheck | Ttotal | Status | Flags |
---|---|---|---|---|---|---|
r-devel-linux-x86_64-debian-clang | 1.2.7 | 183.81 | 421.73 | 605.54 | OK | |
r-devel-linux-x86_64-debian-gcc | 1.2.7 | 166.75 | 308.72 | 475.47 | OK | |
r-devel-linux-x86_64-fedora-clang | 1.2.7 | 809.54 | NOTE | |||
r-devel-linux-x86_64-fedora-gcc | 1.2.7 | 820.54 | OK | |||
r-devel-windows-x86_64 | 1.2.7 | 167.00 | 334.00 | 501.00 | NOTE | |
r-patched-linux-x86_64 | 1.2.7 | 167.87 | 400.08 | 567.95 | OK | |
r-release-linux-x86_64 | 1.2.7 | 127.07 | 393.24 | 520.31 | OK | |
r-release-macos-arm64 | 1.2.7 | 229.00 | NOTE | |||
r-release-macos-x86_64 | 1.2.7 | 579.00 | NOTE | |||
r-release-windows-x86_64 | 1.2.7 | 230.00 | 397.00 | 627.00 | NOTE | |
r-oldrel-macos-arm64 | 1.2.7 | 220.00 | NOTE | |||
r-oldrel-macos-x86_64 | 1.2.6 | 339.00 | NOTE | |||
r-oldrel-windows-x86_64 | 1.2.7 | 226.00 | 390.00 | 616.00 | NOTE |
Version: 1.2.7
Check: installed package size
Result: NOTE
installed size is 6.3Mb
sub-directories of 1Mb or more:
R 5.7Mb
Flavors: r-devel-linux-x86_64-fedora-clang, r-devel-windows-x86_64, r-release-macos-arm64, r-release-macos-x86_64, r-release-windows-x86_64, r-oldrel-macos-arm64, r-oldrel-windows-x86_64
Version: 1.2.6
Check: installed package size
Result: NOTE
installed size is 6.7Mb
sub-directories of 1Mb or more:
R 6.1Mb
Flavor: r-oldrel-macos-x86_64