CRAN Package Check Results for Package GInSARCorW

Last updated on 2022-08-07 15:55:50 CEST.

Flavor Version Tinstall Tcheck Ttotal Status Flags
r-devel-linux-x86_64-debian-clang 1.15.6 29.86 262.67 292.53 NOTE
r-devel-linux-x86_64-debian-gcc 1.15.6 21.60 189.85 211.45 NOTE
r-devel-linux-x86_64-fedora-clang 1.15.6 352.44 NOTE
r-devel-linux-x86_64-fedora-gcc 1.15.6 349.95 NOTE
r-devel-windows-x86_64 1.15.6 41.00 257.00 298.00 NOTE
r-patched-linux-x86_64 1.15.6 20.60 251.66 272.26 NOTE
r-release-linux-x86_64 1.15.6 30.34 252.60 282.94 NOTE
r-release-macos-arm64 1.15.6 71.00 NOTE
r-release-macos-x86_64 1.15.6 104.00 NOTE
r-release-windows-x86_64 1.15.6 39.00 248.00 287.00 NOTE
r-oldrel-macos-arm64 1.15.6 44.00 NOTE
r-oldrel-macos-x86_64 1.15.6 78.00 NOTE
r-oldrel-windows-ix86+x86_64 1.15.6 62.00 260.00 322.00 NOTE

Check Details

Version: 1.15.6
Check: LazyData
Result: NOTE
     'LazyData' is specified without a 'data' directory
Flavors: r-devel-linux-x86_64-debian-clang, r-devel-linux-x86_64-debian-gcc, r-devel-linux-x86_64-fedora-clang, r-devel-linux-x86_64-fedora-gcc, r-devel-windows-x86_64, r-patched-linux-x86_64, r-release-linux-x86_64, r-release-macos-arm64, r-release-macos-x86_64, r-release-windows-x86_64, r-oldrel-macos-arm64, r-oldrel-macos-x86_64, r-oldrel-windows-ix86+x86_64