CRAN Package Check Results for Package GHS

Last updated on 2022-05-28 15:50:58 CEST.

Flavor Version Tinstall Tcheck Ttotal Status Flags
r-devel-linux-x86_64-debian-clang 0.1 10.63 39.23 49.86 NOTE
r-devel-linux-x86_64-debian-gcc 0.1 8.90 30.09 38.99 NOTE
r-devel-linux-x86_64-fedora-clang 0.1 64.48 NOTE
r-devel-linux-x86_64-fedora-gcc 0.1 63.51 NOTE
r-devel-windows-x86_64 0.1 12.00 57.00 69.00 NOTE
r-patched-linux-x86_64 0.1 9.84 37.96 47.80 NOTE
r-release-linux-x86_64 0.1 7.54 37.27 44.81 NOTE
r-release-macos-arm64 0.1 18.00 NOTE
r-release-macos-x86_64 0.1 26.00 NOTE
r-release-windows-x86_64 0.1 13.00 55.00 68.00 NOTE
r-oldrel-macos-arm64 0.1 22.00 NOTE
r-oldrel-macos-x86_64 0.1 38.00 NOTE
r-oldrel-windows-ix86+x86_64 0.1 18.00 53.00 71.00 NOTE

Check Details

Version: 0.1
Check: LazyData
Result: NOTE
     'LazyData' is specified without a 'data' directory
Flavors: r-devel-linux-x86_64-debian-clang, r-devel-linux-x86_64-debian-gcc, r-devel-linux-x86_64-fedora-clang, r-devel-linux-x86_64-fedora-gcc, r-devel-windows-x86_64, r-patched-linux-x86_64, r-release-linux-x86_64, r-release-macos-arm64, r-release-macos-x86_64, r-release-windows-x86_64, r-oldrel-macos-arm64, r-oldrel-macos-x86_64, r-oldrel-windows-ix86+x86_64