CRAN Package Check Results for Package GGEBiplots

Last updated on 2022-09-28 15:49:54 CEST.

Flavor Version Tinstall Tcheck Ttotal Status Flags
r-devel-linux-x86_64-debian-clang 0.1.3 7.22 72.16 79.38 OK
r-devel-linux-x86_64-debian-gcc 0.1.3 5.94 52.86 58.80 OK
r-devel-linux-x86_64-fedora-clang 0.1.3 106.67 NOTE
r-devel-linux-x86_64-fedora-gcc 0.1.3 99.57 OK
r-devel-windows-x86_64 0.1.3 19.00 103.00 122.00 OK
r-patched-linux-x86_64 0.1.3 5.97 66.32 72.29 OK
r-release-linux-x86_64 0.1.3 5.87 65.52 71.39 OK
r-release-macos-arm64 0.1.3 30.00 OK
r-release-macos-x86_64 0.1.3 55.00 OK
r-release-windows-x86_64 0.1.3 25.00 96.00 121.00 OK
r-oldrel-macos-arm64 0.1.3 25.00 OK
r-oldrel-macos-x86_64 0.1.3 37.00 OK
r-oldrel-windows-ix86+x86_64 0.1.3 18.00 96.00 114.00 OK

Check Details

Version: 0.1.3
Check: Rd cross-references
Result: NOTE
    Undeclared package ‘gge’ in Rd xrefs
Flavor: r-devel-linux-x86_64-fedora-clang