CRAN Package Check Results for Package GFE

Last updated on 2022-05-26 15:53:11 CEST.

Flavor Version Tinstall Tcheck Ttotal Status Flags
r-devel-linux-x86_64-debian-clang 0.1.0 6.42 75.56 81.98 NOTE
r-devel-linux-x86_64-debian-gcc 0.1.0 5.36 60.95 66.31 NOTE
r-devel-linux-x86_64-fedora-clang 0.1.0 99.53 NOTE
r-devel-linux-x86_64-fedora-gcc 0.1.0 97.80 NOTE
r-devel-windows-x86_64 0.1.0 11.00 87.00 98.00 NOTE
r-patched-linux-x86_64 0.1.0 6.21 69.65 75.86 NOTE
r-release-linux-x86_64 0.1.0 NOTE
r-release-macos-arm64 0.1.0 28.00 NOTE
r-release-macos-x86_64 0.1.0 57.00 NOTE
r-release-windows-x86_64 0.1.0 14.00 94.00 108.00 NOTE
r-oldrel-macos-arm64 0.1.0 27.00 NOTE
r-oldrel-macos-x86_64 0.1.0 50.00 NOTE
r-oldrel-windows-ix86+x86_64 0.1.0 13.00 82.00 95.00 NOTE

Check Details

Version: 0.1.0
Check: LazyData
Result: NOTE
     'LazyData' is specified without a 'data' directory
Flavors: r-devel-linux-x86_64-debian-clang, r-devel-linux-x86_64-debian-gcc, r-devel-linux-x86_64-fedora-clang, r-devel-linux-x86_64-fedora-gcc, r-devel-windows-x86_64, r-patched-linux-x86_64, r-release-linux-x86_64, r-release-macos-arm64, r-release-macos-x86_64, r-release-windows-x86_64, r-oldrel-macos-arm64, r-oldrel-macos-x86_64, r-oldrel-windows-ix86+x86_64