CRAN Package Check Results for Package GENEAread

Last updated on 2022-05-26 03:53:10 CEST.

Flavor Version Tinstall Tcheck Ttotal Status Flags
r-devel-linux-x86_64-debian-clang 2.0.9 6.45 49.24 55.69 NOTE
r-devel-linux-x86_64-debian-gcc 2.0.9 4.25 38.54 42.79 NOTE
r-devel-linux-x86_64-fedora-clang 2.0.9 72.72 NOTE
r-devel-linux-x86_64-fedora-gcc 2.0.9 71.68 NOTE
r-devel-windows-x86_64 2.0.9 47.00 65.00 112.00 NOTE
r-patched-linux-x86_64 2.0.9 7.43 48.66 56.09 NOTE
r-release-linux-x86_64 2.0.9 NOTE
r-release-macos-arm64 2.0.9 24.00 NOTE
r-release-macos-x86_64 2.0.9 33.00 NOTE
r-release-windows-x86_64 2.0.9 55.00 64.00 119.00 NOTE
r-oldrel-macos-arm64 2.0.9 28.00 NOTE
r-oldrel-macos-x86_64 2.0.9 44.00 NOTE
r-oldrel-windows-ix86+x86_64 2.0.9 12.00 60.00 72.00 NOTE

Check Details

Version: 2.0.9
Check: LazyData
Result: NOTE
     'LazyData' is specified without a 'data' directory
Flavors: r-devel-linux-x86_64-debian-clang, r-devel-linux-x86_64-debian-gcc, r-devel-linux-x86_64-fedora-clang, r-devel-linux-x86_64-fedora-gcc, r-devel-windows-x86_64, r-patched-linux-x86_64, r-release-linux-x86_64, r-release-macos-arm64, r-release-macos-x86_64, r-release-windows-x86_64, r-oldrel-macos-arm64, r-oldrel-macos-x86_64, r-oldrel-windows-ix86+x86_64