Last updated on 2022-05-25 04:55:26 CEST.
Flavor | Version | Tinstall | Tcheck | Ttotal | Status | Flags |
---|---|---|---|---|---|---|
r-devel-linux-x86_64-debian-clang | 2.8.8 | 262.96 | 134.55 | 397.51 | OK | |
r-devel-linux-x86_64-debian-gcc | 2.8.8 | 204.38 | 99.24 | 303.62 | OK | |
r-devel-linux-x86_64-fedora-clang | 2.8.8 | 589.02 | NOTE | |||
r-devel-linux-x86_64-fedora-gcc | 2.8.8 | 521.08 | OK | |||
r-devel-windows-x86_64 | 2.8.8 | 212.00 | 187.00 | 399.00 | OK | |
r-patched-linux-x86_64 | 2.8.8 | 214.70 | 123.38 | 338.08 | OK | |
r-release-linux-x86_64 | 2.8.8 | OK | ||||
r-release-macos-arm64 | 2.8.8 | 114.00 | NOTE | |||
r-release-macos-x86_64 | 2.8.8 | 222.00 | NOTE | |||
r-release-windows-x86_64 | 2.8.8 | 210.00 | 186.00 | 396.00 | OK | |
r-oldrel-macos-arm64 | 2.8.8 | 124.00 | NOTE | |||
r-oldrel-macos-x86_64 | 2.8.8 | 155.00 | NOTE | |||
r-oldrel-windows-ix86+x86_64 | 2.8.8 | 601.00 | 186.00 | 787.00 | OK |
Version: 2.8.8
Check: installed package size
Result: NOTE
installed size is 10.9Mb
sub-directories of 1Mb or more:
libs 9.9Mb
Flavors: r-devel-linux-x86_64-fedora-clang, r-release-macos-arm64, r-release-macos-x86_64, r-oldrel-macos-arm64, r-oldrel-macos-x86_64
Version: 2.8.8
Check: Rd cross-references
Result: NOTE
Undeclared package ‘nloptr’ in Rd xrefs
Flavor: r-devel-linux-x86_64-fedora-clang