CRAN Package Check Results for Package GB2group

Last updated on 2022-06-28 03:51:32 CEST.

Flavor Version Tinstall Tcheck Ttotal Status Flags
r-devel-linux-x86_64-debian-clang 0.3.0 10.59 93.21 103.80 NOTE
r-devel-linux-x86_64-debian-gcc 0.3.0 10.06 70.34 80.40 NOTE
r-devel-linux-x86_64-fedora-clang 0.3.0 136.05 NOTE
r-devel-linux-x86_64-fedora-gcc 0.3.0 130.46 NOTE
r-devel-windows-x86_64 0.3.0 25.00 118.00 143.00 NOTE
r-patched-linux-x86_64 0.3.0 10.82 89.82 100.64 NOTE
r-release-linux-x86_64 0.3.0 11.83 89.11 100.94 NOTE
r-release-macos-arm64 0.3.0 34.00 NOTE
r-release-macos-x86_64 0.3.0 67.00 NOTE
r-release-windows-x86_64 0.3.0 24.00 130.00 154.00 NOTE
r-oldrel-macos-arm64 0.3.0 49.00 NOTE
r-oldrel-macos-x86_64 0.3.0 72.00 NOTE
r-oldrel-windows-ix86+x86_64 0.3.0 4.00 9.00 13.00 ERROR

Check Details

Version: 0.3.0
Check: LazyData
Result: NOTE
     'LazyData' is specified without a 'data' directory
Flavors: r-devel-linux-x86_64-debian-clang, r-devel-linux-x86_64-debian-gcc, r-devel-linux-x86_64-fedora-clang, r-devel-linux-x86_64-fedora-gcc, r-devel-windows-x86_64, r-patched-linux-x86_64, r-release-linux-x86_64, r-release-macos-arm64, r-release-macos-x86_64, r-release-windows-x86_64, r-oldrel-macos-arm64, r-oldrel-macos-x86_64

Version: 0.3.0
Check: whether package can be installed
Result: ERROR
    Installation failed.
Flavor: r-oldrel-windows-ix86+x86_64