Last updated on 2022-06-28 03:51:32 CEST.
Flavor | Version | Tinstall | Tcheck | Ttotal | Status | Flags |
---|---|---|---|---|---|---|
r-devel-linux-x86_64-debian-clang | 1.2-2 | 83.58 | 80.87 | 164.45 | OK | |
r-devel-linux-x86_64-debian-gcc | 1.2-2 | 75.20 | 63.04 | 138.24 | OK | |
r-devel-linux-x86_64-fedora-clang | 1.2-2 | 240.00 | NOTE | |||
r-devel-linux-x86_64-fedora-gcc | 1.2-2 | 236.00 | OK | |||
r-devel-windows-x86_64 | 1.2-2 | 77.00 | 110.00 | 187.00 | NOTE | |
r-patched-linux-x86_64 | 1.2-2 | 85.52 | 78.74 | 164.26 | OK | |
r-release-linux-x86_64 | 1.2-2 | 85.33 | 77.70 | 163.03 | OK | |
r-release-macos-arm64 | 1.2-2 | 89.00 | NOTE | |||
r-release-macos-x86_64 | 1.2-2 | 104.00 | NOTE | |||
r-release-windows-x86_64 | 1.2-2 | 82.00 | 107.00 | 189.00 | NOTE | |
r-oldrel-macos-arm64 | 1.2-2 | 105.00 | NOTE | |||
r-oldrel-macos-x86_64 | 1.2-2 | 102.00 | NOTE | |||
r-oldrel-windows-ix86+x86_64 | 1.2-2 | 137.00 | 102.00 | 239.00 | NOTE |
Version: 1.2-2
Check: installed package size
Result: NOTE
installed size is 5.8Mb
sub-directories of 1Mb or more:
R 5.7Mb
Flavors: r-devel-linux-x86_64-fedora-clang, r-devel-windows-x86_64, r-release-macos-arm64, r-release-macos-x86_64, r-release-windows-x86_64, r-oldrel-macos-arm64, r-oldrel-macos-x86_64, r-oldrel-windows-ix86+x86_64