CRAN Package Check Results for Package FitUltD

Last updated on 2022-05-26 15:53:10 CEST.

Flavor Version Tinstall Tcheck Ttotal Status Flags
r-devel-linux-x86_64-debian-clang 3.1.0 9.83 114.20 124.03 NOTE
r-devel-linux-x86_64-debian-gcc 3.1.0 10.27 97.42 107.69 NOTE
r-devel-linux-x86_64-fedora-clang 3.1.0 150.07 NOTE
r-devel-linux-x86_64-fedora-gcc 3.1.0 150.78 NOTE
r-devel-windows-x86_64 3.1.0 15.00 119.00 134.00 NOTE
r-patched-linux-x86_64 3.1.0 10.05 108.62 118.67 NOTE
r-release-linux-x86_64 3.1.0 NOTE
r-release-macos-arm64 3.1.0 36.00 NOTE
r-release-macos-x86_64 3.1.0 72.00 NOTE
r-release-windows-x86_64 3.1.0 14.00 120.00 134.00 NOTE
r-oldrel-macos-arm64 3.1.0 44.00 NOTE
r-oldrel-macos-x86_64 3.1.0 76.00 NOTE
r-oldrel-windows-ix86+x86_64 3.1.0 26.00 120.00 146.00 NOTE

Check Details

Version: 3.1.0
Check: LazyData
Result: NOTE
     'LazyData' is specified without a 'data' directory
Flavors: r-devel-linux-x86_64-debian-clang, r-devel-linux-x86_64-debian-gcc, r-devel-linux-x86_64-fedora-clang, r-devel-linux-x86_64-fedora-gcc, r-devel-windows-x86_64, r-patched-linux-x86_64, r-release-linux-x86_64, r-release-macos-arm64, r-release-macos-x86_64, r-release-windows-x86_64, r-oldrel-macos-arm64, r-oldrel-macos-x86_64, r-oldrel-windows-ix86+x86_64