CRAN Package Check Results for Package FisPro

Last updated on 2022-06-27 15:53:43 CEST.

Flavor Version Tinstall Tcheck Ttotal Status Flags
r-devel-linux-x86_64-debian-clang 1.1.1 202.18 91.67 293.85 OK
r-devel-linux-x86_64-debian-gcc 1.1.1 201.49 69.38 270.87 OK
r-devel-linux-x86_64-fedora-clang 1.1.1 466.44 NOTE
r-devel-linux-x86_64-fedora-gcc 1.1.1 463.48 OK
r-devel-windows-x86_64 1.1.1 207.00 158.00 365.00 NOTE
r-patched-linux-x86_64 1.1.1 211.48 93.10 304.58 OK
r-release-linux-x86_64 1.1.1 206.77 91.20 297.97 OK
r-release-macos-arm64 1.1.1 109.00 NOTE
r-release-macos-x86_64 1.1.1 132.00 NOTE
r-release-windows-x86_64 1.1.1 198.00 155.00 353.00 NOTE
r-oldrel-macos-arm64 1.1.1 97.00 NOTE
r-oldrel-macos-x86_64 1.1.1 134.00 NOTE
r-oldrel-windows-ix86+x86_64 1.1.1 581.00 177.00 758.00 NOTE

Check Details

Version: 1.1.1
Check: installed package size
Result: NOTE
     installed size is 24.3Mb
     sub-directories of 1Mb or more:
     lib 8.7Mb
     libs 15.2Mb
Flavors: r-devel-linux-x86_64-fedora-clang, r-devel-windows-x86_64, r-release-macos-arm64, r-release-macos-x86_64, r-release-windows-x86_64, r-oldrel-macos-arm64, r-oldrel-macos-x86_64, r-oldrel-windows-ix86+x86_64