Last updated on 2022-06-29 15:49:53 CEST.
Flavor | Version | Tinstall | Tcheck | Ttotal | Status | Flags |
---|---|---|---|---|---|---|
r-devel-linux-x86_64-debian-clang | 0.1.1 | 96.25 | 35.53 | 131.78 | NOTE | |
r-devel-linux-x86_64-debian-gcc | 0.1.1 | 62.87 | 26.90 | 89.77 | NOTE | |
r-devel-linux-x86_64-fedora-clang | 0.1.1 | 189.15 | NOTE | |||
r-devel-linux-x86_64-fedora-gcc | 0.1.1 | 164.95 | NOTE | |||
r-devel-windows-x86_64 | 0.1.1 | 72.00 | 81.00 | 153.00 | NOTE | |
r-patched-linux-x86_64 | 0.1.1 | 73.36 | 34.47 | 107.83 | NOTE | |
r-release-linux-x86_64 | 0.1.1 | 73.82 | 33.42 | 107.24 | NOTE | |
r-release-macos-arm64 | 0.1.1 | 42.00 | NOTE | |||
r-release-macos-x86_64 | 0.1.1 | 60.00 | NOTE | |||
r-release-windows-x86_64 | 0.1.1 | 72.00 | 81.00 | 153.00 | NOTE | |
r-oldrel-macos-arm64 | 0.1.1 | 48.00 | NOTE | |||
r-oldrel-macos-x86_64 | 0.1.1 | 74.00 | NOTE | |||
r-oldrel-windows-ix86+x86_64 | 0.1.1 | 207.00 | 83.00 | 290.00 | NOTE |
Version: 0.1.1
Check: LazyData
Result: NOTE
'LazyData' is specified without a 'data' directory
Flavors: r-devel-linux-x86_64-debian-clang, r-devel-linux-x86_64-debian-gcc, r-devel-linux-x86_64-fedora-clang, r-devel-linux-x86_64-fedora-gcc, r-devel-windows-x86_64, r-patched-linux-x86_64, r-release-linux-x86_64, r-release-macos-arm64, r-release-macos-x86_64, r-release-windows-x86_64, r-oldrel-macos-arm64, r-oldrel-macos-x86_64, r-oldrel-windows-ix86+x86_64