CRAN Package Check Results for Package FastGP

Last updated on 2022-05-23 03:56:56 CEST.

Flavor Version Tinstall Tcheck Ttotal Status Flags
r-devel-linux-x86_64-debian-clang 1.2 47.79 40.33 88.12 OK
r-devel-linux-x86_64-debian-gcc 1.2 34.95 32.00 66.95 OK
r-devel-linux-x86_64-fedora-clang 1.2 124.26 NOTE
r-devel-linux-x86_64-fedora-gcc 1.2 114.47 NOTE
r-devel-windows-x86_64 1.2 39.00 82.00 121.00 OK
r-patched-linux-x86_64 1.2 42.60 40.32 82.92 OK
r-release-linux-x86_64 1.2 41.52 40.19 81.71 OK
r-release-macos-arm64 1.2 32.00 NOTE
r-release-macos-x86_64 1.2 42.00 NOTE
r-release-windows-x86_64 1.2 40.00 83.00 123.00 OK
r-oldrel-macos-arm64 1.2 42.00 NOTE
r-oldrel-macos-x86_64 1.2 55.00 NOTE
r-oldrel-windows-ix86+x86_64 1.2 113.00 80.00 193.00 OK

Check Details

Version: 1.2
Check: installed package size
Result: NOTE
     installed size is 5.9Mb
     sub-directories of 1Mb or more:
     libs 5.4Mb
Flavors: r-devel-linux-x86_64-fedora-clang, r-release-macos-arm64, r-release-macos-x86_64, r-oldrel-macos-arm64, r-oldrel-macos-x86_64

Version: 1.2
Check: compiled code
Result: NOTE
    File ‘FastGP/libs/FastGP.so’:
     Found no calls to: ‘R_registerRoutines’, ‘R_useDynamicSymbols’
    
    It is good practice to register native routines and to disable symbol
    search.
    
    See ‘Writing portable packages’ in the ‘Writing R Extensions’ manual.
Flavors: r-devel-linux-x86_64-fedora-clang, r-devel-linux-x86_64-fedora-gcc