Last updated on 2022-06-29 15:49:53 CEST.
Flavor | Version | Tinstall | Tcheck | Ttotal | Status | Flags |
---|---|---|---|---|---|---|
r-devel-linux-x86_64-debian-clang | 1.0 | 26.87 | 32.48 | 59.35 | NOTE | |
r-devel-linux-x86_64-debian-gcc | 1.0 | 25.03 | 26.11 | 51.14 | NOTE | |
r-devel-linux-x86_64-fedora-clang | 1.0 | 99.07 | NOTE | |||
r-devel-linux-x86_64-fedora-gcc | 1.0 | 90.61 | NOTE | |||
r-devel-windows-x86_64 | 1.0 | 39.00 | 79.00 | 118.00 | NOTE | |
r-patched-linux-x86_64 | 1.0 | 22.85 | 31.98 | 54.83 | NOTE | |
r-release-linux-x86_64 | 1.0 | 26.52 | 31.58 | 58.10 | NOTE | |
r-release-macos-arm64 | 1.0 | 28.00 | NOTE | |||
r-release-macos-x86_64 | 1.0 | 34.00 | NOTE | |||
r-release-windows-x86_64 | 1.0 | 36.00 | 79.00 | 115.00 | NOTE | |
r-oldrel-macos-arm64 | 1.0 | 27.00 | NOTE | |||
r-oldrel-macos-x86_64 | 1.0 | 45.00 | NOTE | |||
r-oldrel-windows-ix86+x86_64 | 1.0 | 79.00 | 88.00 | 167.00 | NOTE |
Version: 1.0
Check: LazyData
Result: NOTE
'LazyData' is specified without a 'data' directory
Flavors: r-devel-linux-x86_64-debian-clang, r-devel-linux-x86_64-debian-gcc, r-devel-linux-x86_64-fedora-clang, r-devel-linux-x86_64-fedora-gcc, r-devel-windows-x86_64, r-patched-linux-x86_64, r-release-linux-x86_64, r-release-macos-arm64, r-release-macos-x86_64, r-release-windows-x86_64, r-oldrel-macos-arm64, r-oldrel-macos-x86_64, r-oldrel-windows-ix86+x86_64