Last updated on 2022-08-07 15:55:49 CEST.
Flavor | Version | Tinstall | Tcheck | Ttotal | Status | Flags |
---|---|---|---|---|---|---|
r-devel-linux-x86_64-debian-clang | 1.0 | 63.45 | 41.57 | 105.02 | OK | |
r-devel-linux-x86_64-debian-gcc | 1.0 | 51.03 | 33.09 | 84.12 | OK | |
r-devel-linux-x86_64-fedora-clang | 1.0 | 158.87 | NOTE | |||
r-devel-linux-x86_64-fedora-gcc | 1.0 | 142.51 | OK | |||
r-devel-windows-x86_64 | 1.0 | 50.00 | 88.00 | 138.00 | OK | |
r-patched-linux-x86_64 | 1.0 | 56.96 | 40.79 | 97.75 | OK | |
r-release-linux-x86_64 | 1.0 | 52.20 | 40.48 | 92.68 | OK | |
r-release-macos-arm64 | 1.0 | 44.00 | NOTE | |||
r-release-macos-x86_64 | 1.0 | 54.00 | NOTE | |||
r-release-windows-x86_64 | 1.0 | 58.00 | 91.00 | 149.00 | OK | |
r-oldrel-macos-arm64 | 1.0 | 50.00 | NOTE | |||
r-oldrel-macos-x86_64 | 1.0 | 53.00 | NOTE | |||
r-oldrel-windows-ix86+x86_64 | 1.0 | 144.00 | 115.00 | 259.00 | OK |
Version: 1.0
Check: installed package size
Result: NOTE
installed size is 6.6Mb
sub-directories of 1Mb or more:
libs 6.4Mb
Flavors: r-devel-linux-x86_64-fedora-clang, r-release-macos-arm64, r-release-macos-x86_64, r-oldrel-macos-arm64, r-oldrel-macos-x86_64